Midtre Skiakersgutua Weather Station

 Latitude N 60° 21' 23"    Longitude E 10° 28' 20"    Elevation 275 m

Records began on 20 desember 2012

NOAA Style Reports for Midtre Skiakersgutua

Select a Year or Month report

Report for 2017 Mar
                   Monthly Climatological Summary for mar 2017

Name: Skiakersgutua Weather Station   City: Gran   State: 
Elevation: 235 m  Lat: N 60 21' 54"   Lon: E 010 33' 13"

                  Temperature (C), Rain (mm), Wind Speed (m/s)

                                      Heat  Cool        Avg
    Mean                              Deg   Deg         Wind                 Dom
Day Temp  High   Time   Low    Time   Days  Days  Rain  Speed High   Time    Dir
----------------------------------------------------------------------------------
 1   1,4   5,5   14:14  -2,1   23:13  16,9   0,0   1,2   2,1   6,8   05:21   WNW
 2  -1,3   7,4   14:21  -5,5   06:08  19,6   0,0   0,3   0,5   2,7   19:07   SSW
 3  -1,3   7,1   14:37  -4,0   08:23  19,6   0,0   0,0   1,2   3,7   09:41    NW
 4  -1,8   0,3   17:52  -3,8   06:22  20,1   0,0   0,0   2,8   7,5   19:32     W
 5  -1,9   0,4   15:54  -3,8   23:49  20,2   0,0   0,0   2,7  11,2   13:57   ESE
 6  -3,8   0,7   14:00  -9,0   23:59  22,1   0,0   0,0   2,6   9,9   09:47   NNE
 7  -4,9  -1,3   15:30  -9,0   00:00  23,2   0,0   0,0   4,8  10,5   14:21     N
 8  -3,2   3,8   11:59  -8,0   07:36  21,5   0,0   0,0   2,3   6,8   01:41   SSW
 9  -0,5   7,1   13:06  -3,6   00:17  18,8   0,0   2,1   1,3   9,2   23:40   WSW
10   1,2  12,7   14:48  -7,4   07:05  17,1   0,0   0,0   0,9   8,5   00:08   WNW
11   0,8  12,9   14:15  -8,4   07:04  17,4   0,0   0,0   1,5   7,1   19:51     S
12   2,8   6,3   12:46   0,6   03:07  15,5   0,0   1,2   1,7   4,8   13:20     S
13   2,1   5,6   16:47  -0,7   23:25  16,2   0,0   0,6   2,9   7,5   04:59     S
14   4,4  11,7   15:36   0,2   00:00  13,9   0,0   0,0   2,7  10,2   16:15   SSW
15   5,8   9,5   13:05   0,7   23:38  12,5   0,0   0,0   4,7  14,3   11:03   NNW
16   3,4  10,3   14:07  -3,2   02:59  14,9   0,0   0,6   3,1  10,2   20:23     S
17   4,5   9,8   14:00  -0,6   23:59  13,8   0,0   0,3   3,5  10,2   09:36    SW
18   0,1   8,7   11:57  -4,8   06:34  18,2   0,0   0,0   2,0  11,6   16:16   NNW
19  -0,6   7,7   12:37  -6,5   03:59  18,9   0,0   0,0   2,7  11,6   14:08     S
20   2,5   9,7   13:29  -0,6   03:33  15,8   0,0   2,4   3,9   9,9   16:55     S
21   3,4   9,1   13:22  -0,7   23:56  14,9   0,0   0,6   3,0   8,5   13:36     S
22   1,9   9,1   13:43  -4,1   06:38  16,4   0,0   0,0   2,0   9,9   15:46    NW
23   0,8   9,6   13:18  -5,9   06:31  17,5   0,0   0,0   2,1  11,2   15:54   NNW
24   0,5   7,5   12:23  -4,7   02:58  17,8   0,0   0,3   1,6   8,5   11:28   WSW
25   5,2  14,9   15:27  -2,9   06:11  13,1   0,0   0,0   1,2   5,4   11:39   WSW
26   8,9  22,9   13:54   0,6   05:34   9,1   0,1   0,0   1,8  10,5   14:47   NNW
27   8,9  18,2   13:59  -0,3   06:32   9,4   0,0   0,0   2,4   9,9   15:19   NNW
28   6,1  14,8   14:23   0,1   06:27  12,2   0,0   0,0   1,9   7,1   09:56     S
29   3,0   8,4   18:18  -2,3   22:24  15,3   0,0   0,0   2,0   6,5   13:00     N
30   1,3   2,7   21:24  -1,9   01:22  17,0   0,0   3,3   3,0   7,8   04:40     S
31   2,5   4,5   12:20   1,1   07:01  15,8   0,0   6,3   2,0   7,5   14:44     S
----------------------------------------------------------------------------------
     1,7  22,9    26    -9,0     6   514,7   0,1  19,2   2,4  14,3    15     WSW

Max >=  27,0:  0
Max <=   0,0:  1
Min <=   0,0: 25
Min <= -18,0:  0
Max Rain: 6,3 on day 31
Days of Rain: 12 (>= 0,2 mm)  4 (>= 2,0 mm)  0 (>= 20,0 mm)
Heat Base: 18,3  Cool Base: 18,3  Method: Integration
:now::gauges::today::yesterday::this month::this year::noaa::records::monthly records::trends: