Midtre Skiakersgutua Weather Station

 Latitude N 60° 21' 23"    Longitude E 10° 28' 20"    Elevation 275 m

Records began on 20 desember 2012

NOAA Style Reports for Midtre Skiakersgutua


Report for 2017 May
                   Monthly Climatological Summary for mai 2017

Name: Skiakersgutua Weather Station   City: Gran   State: 
Elevation: 235 m  Lat: N 60 21' 54"   Lon: E 010 33' 13"

                  Temperature (C), Rain (mm), Wind Speed (m/s)

                                      Heat  Cool        Avg
    Mean                              Deg   Deg         Wind                 Dom
Day Temp  High   Time   Low    Time   Days  Days  Rain  Speed High   Time    Dir
----------------------------------------------------------------------------------
 1   8,2  19,2   18:01  -1,4   06:00  10,1   0,0   0,0   1,6   9,9   12:38   WSW
 2   9,7  20,7   18:03  -2,2   05:54   8,7   0,0   0,0   2,0   8,5   23:06     N
 3  10,0  18,9   18:23   0,0   05:45   8,3   0,0   0,0   3,4   9,9   16:51     N
 4   9,4  17,4   19:54  -0,8   05:59   8,9   0,0   0,0   2,5  11,2   15:23     N
 5  12,4  21,2   17:59   0,8   02:04   6,4   0,5   0,0   3,5  10,2   22:32     N
 6  15,9  27,9   17:45   5,6   06:00   3,4   1,1   0,0   3,4  10,9   22:59   NNW
 7   8,9  13,1   00:00   4,5   23:48   9,4   0,0   1,8   6,2  16,0   19:03   NNE
 8   4,9   9,1   18:01   1,9   23:53  13,4   0,0   0,0   7,4  15,0   09:01     N
 9   4,4  11,7   14:25  -0,9   02:58  13,9   0,0   0,0   1,6   9,5   13:04   NNE
10   2,4   5,0   14:57   0,8   23:28  15,9   0,0   1,8   3,4   8,5   11:27     S
11   3,5  10,6   13:06   0,5   04:38  14,8   0,0   2,7   2,1   7,1   02:24     S
12   7,1  15,1   16:55   1,4   23:54  11,2   0,0   0,0   2,8   8,5   10:55     S
13   7,6  16,9   15:01  -1,5   04:43  10,7   0,0   0,0   1,8   8,2   15:13     S
14   8,3  12,0   18:47   5,9   05:04  10,0   0,0   0,6   1,0   3,7   19:22     N
15   9,9  14,2   14:20   6,0   23:55   8,4   0,0   5,1   2,7   9,5   21:30     S
16   7,2   9,6   22:26   5,0   04:49  11,1   0,0   4,8   4,0   8,8   08:39     S
17  12,0  16,9   18:14   9,1   04:25   6,3   0,0   4,5   2,3   6,1   18:59     S
18  13,6  16,7   13:15  11,0   04:21   4,7   0,0  16,5   3,5  11,9   12:44     S
19  15,5  23,3   19:26  12,2   04:47   3,1   0,3   0,0   2,7   8,2   23:45   NNW
20  14,2  18,1   17:46  12,7   08:43   4,1   0,0   0,0   2,8   7,5   01:45   NNW
21  14,2  21,7   17:00   8,4   23:50   4,6   0,4   4,5   2,4  10,2   16:20     S
22  11,2  20,3   13:44   3,6   04:47   7,1   0,0   0,9   2,1   9,9   14:51     N
23  13,9  26,7   19:03   2,2   04:51   5,6   1,2   0,0   1,3   7,1   16:07    NW
24  15,6  25,8   15:40   5,7   05:31   4,0   1,3   0,0   2,3   9,5   19:18   NNW
25  15,1  24,7   14:53   5,6   05:17   4,0   0,8   0,0   2,5  11,6   16:57   NNW
26  18,6  29,4   16:03   8,9   03:28   2,8   3,1   0,0   1,7   7,1   17:38   SSW
27  21,3  32,1   17:15   9,3   04:53   2,0   5,0   0,0   2,1   7,5   14:01   SSW
28  17,8  23,7   12:48  11,1   05:28   1,6   1,1   0,0   2,4   8,5   13:23     S
29  15,8  26,4   15:32   8,2   03:10   3,3   0,8   2,1   1,8   5,8   16:58   NNW
30  13,7  19,6   18:04  10,7   23:54   4,6   0,0   6,9   2,1   7,5   20:26   SSW
31  12,7  20,3   12:11   8,7   04:16   5,7   0,0   0,0   3,1  18,0   13:28     N
----------------------------------------------------------------------------------
    11,5  32,1    27    -2,2     2   228,1  15,6  52,2   2,7  18,0    31     NNW

Max >=  27,0:  3
Max <=   0,0:  0
Min <=   0,0:  6
Min <= -18,0:  0
Max Rain: 16,5 on day 18
Days of Rain: 12 (>= 0,2 mm)  8 (>= 2,0 mm)  0 (>= 20,0 mm)
Heat Base: 18,3  Cool Base: 18,3  Method: Integration
:now::gauges::today::yesterday::this month::this year::noaa::records::monthly records::trends: