Molinna Weather Station

 Latitude N 60° 21' 23"    Longitude E 10° 28' 20"    Elevation 275 m

Records began on 20 desember 2012

NOAA Style Reports for Molinna

Select a Year or Month report
V/Λ2018 > Jan Feb Mar Apr May Jun Jul Aug Sep Oct Nov Dec
V/Λ2017 > Jan Feb Mar Apr May Jun Jul Aug Sep Oct Nov Dec
V/Λ2016 > Jan Feb Mar Apr May Jun Jul Aug Sep Oct Nov Dec
V/Λ2015 > Jan Feb Mar Apr May Jun Jul Aug Sep Oct Nov Dec
V/Λ2014 > Jan Feb Mar Apr May Jun Jul Aug Sep Oct Nov Dec
V/Λ2013 > Jan Feb Mar Apr May Jun Jul Aug Sep Oct Nov Dec

Report for 2017 Jun
                   Monthly Climatological Summary for jun 2017

Name: Skiakersgutua Weather Station   City: Gran   State: 
Elevation: 235 m  Lat: N 60 21' 54"   Lon: E 010 33' 13"

                  Temperature (C), Rain (mm), Wind Speed (m/s)

                                      Heat  Cool        Avg
    Mean                              Deg   Deg         Wind                 Dom
Day Temp  High   Time   Low    Time   Days  Days  Rain  Speed High   Time    Dir
----------------------------------------------------------------------------------
 1  12,6  21,2   14:15   1,6   05:19   5,9   0,2   0,0   2,9   9,9   00:04   NNW
 2  10,9  17,5   14:04   7,8   04:04   7,4   0,0   0,0   1,9   6,5   17:31   SSW
 3  12,4  19,9   13:59   7,8   03:06   6,0   0,0   0,9   2,3   6,5   14:53     S
 4  12,8  15,8   09:52  10,2   23:52   5,5   0,0   4,5   2,4   7,1   17:20     S
 5  14,9  22,9   15:11   7,6   02:13   4,1   0,7   0,0   2,0   9,5   14:57   SSW
 6  15,0  22,1   18:33  10,5   05:19   3,7   0,4   3,0   3,1   9,5   15:04     S
 7  13,7  17,6   09:30  10,7   19:16   4,6   0,0  11,7   4,6  11,9   10:42   SSE
 8  13,2  18,0   17:13  10,6   03:30   5,1   0,0   0,9   4,6  11,9   01:44   SSE
 9  12,6  16,0   15:20  10,6   04:11   5,7   0,0   2,1   2,9   6,8   03:52     S
10  13,9  16,3   10:30  12,3   01:54   4,4   0,0  11,1   3,7  12,9   06:45     S
11  14,0  19,2   18:28  10,7   03:21   4,3   0,0   0,3   3,0   7,1   12:27     S
12  15,1  23,8   14:11  11,2   15:08   3,6   0,4   7,2   2,3   9,9   14:30    SW
13  14,8  20,6   18:03   9,3   03:19   3,7   0,1   0,3   2,5  11,2   10:58   NNW
14  17,4  27,1   20:15   9,6   05:35   2,6   1,6   0,0   1,5   6,1   14:49   NNW
15  17,5  26,6   14:39   8,8   05:10   2,6   1,8   0,0   1,7   5,8   19:25   SSW
16  15,5  18,9   17:32  12,5   04:51   2,9   0,0   3,0   1,9   6,5   01:45   WSW
17  18,2  27,6   15:55   9,7   05:07   2,1   2,0   0,0   2,4   7,8   09:23   WSW
18  18,7  23,6   16:08  13,4   04:59   1,3   1,8   0,0   3,1  11,6   15:06    NW
19  15,3  22,4   13:31   8,4   05:16   3,6   0,6   1,8   2,4   9,2   09:47    NW
20  13,8  18,6   14:48   5,6   05:07   4,5   0,0   0,3   5,0  15,3   18:45   NNW
21  14,7  25,8   16:35   5,3   05:02   4,1   0,5   0,0   2,3   8,2   00:43   NNW
22  15,5  23,1   14:20  11,7   03:17   3,1   0,3   0,0   1,6   5,4   09:59   SSW
23  15,2  20,2   09:38  10,8   03:21   3,2   0,2   3,3   2,2   9,2   13:16     S
24  15,8  22,2   20:01  10,8   23:58   3,0   0,5   0,0   2,3   8,5   20:16    NW
25  13,1  20,4   13:19   6,4   03:59   5,3   0,1   1,5   2,1  13,6   17:53   SSW
26  13,7  19,3   15:30   7,4   05:03   4,6   0,0   1,2   2,9  12,2   17:34     N
27  14,7  26,9   19:41   2,8   05:10   4,7   1,1   0,0   2,9   9,9   13:20   NNW
28  16,8  27,1   17:34   5,1   03:43   3,9   2,4   0,0   1,8   7,1   11:51     S
29  16,3  23,1   19:42   8,9   02:33   3,0   1,0   0,0   2,1   9,5   13:53   SSE
30  18,9  27,5   18:14   9,8   03:13   2,3   2,9   0,0   3,3  10,2   15:55     N
----------------------------------------------------------------------------------
    14,9  27,6    17     1,6     1   120,8  18,6  53,1   2,7  15,3    20      SW

Max >=  27,0:  4
Max <=   0,0:  0
Min <=   0,0:  0
Min <= -18,0:  0
Max Rain: 11,7 on day 7
Days of Rain: 16 (>= 0,2 mm)  8 (>= 2,0 mm)  0 (>= 20,0 mm)
Heat Base: 18,3  Cool Base: 18,3  Method: Integration
:now::gauges::today::yesterday::this month::this year::noaa::records::monthly records::trends: