Midtre Skiakersgutua Weather Station

 Latitude N 60° 21' 23"    Longitude E 10° 28' 20"    Elevation 275 m

Records began on 20 desember 2012

NOAA Style Reports for Midtre Skiakersgutua

Select a Year or Month report

Report for 2017 Aug
                   Monthly Climatological Summary for aug 2017

Name: Skiakersgutua Weather Station   City: Gran   State: 
Elevation: 235 m  Lat: N 60 21' 54"   Lon: E 010 33' 13"

                  Temperature (C), Rain (mm), Wind Speed (m/s)

                                      Heat  Cool        Avg
    Mean                              Deg   Deg         Wind                 Dom
Day Temp  High   Time   Low    Time   Days  Days  Rain  Speed High   Time    Dir
----------------------------------------------------------------------------------
 1  16,7  25,3   14:52  10,6   04:22   2,7   1,1   0,0   2,9  10,2   16:17     S
 2  16,2  24,1   15:10  10,4   05:26   3,1   1,0   1,2   2,1   7,5   11:26   SSW
 3  14,6  24,0   13:58   6,3   05:58   4,4   0,7   3,0   2,1   8,5   18:19     S
 4  15,5  23,1   14:43  11,7   23:59   3,1   0,3   5,1   1,8   5,8   14:24     S
 5  15,6  27,0   13:23  11,5   00:09   3,4   0,7   0,6   1,1   4,8   14:18   NNW
 6  14,7  17,9   18:18  12,4   03:02   3,6   0,0   5,7   1,1   5,1   14:09   WNW
 7  14,9  24,3   12:26   9,0   05:34   4,0   0,6   1,5   1,7   8,2   15:23   SSW
 8  17,2  24,9   18:48  10,5   06:09   2,7   1,6   0,0   2,1   8,2   13:20     S
 9  13,9  15,8   10:05  12,5   04:39   4,4   0,0  18,0   1,7   6,5   14:24     W
10  17,8  25,2   19:18  11,1   23:56   2,3   1,7   0,3   1,4   6,1   15:02     W
11  17,2  25,7   15:12   8,2   04:54   3,1   2,0   0,0   3,5  12,6   15:20     S
12  17,1  25,1   14:37  11,6   23:58   2,4   1,2   2,4   3,0  11,2   22:59     S
13  14,7  22,4   15:16   9,2   23:38   4,1   0,5   0,0   3,3  13,3   01:01   NNW
14  14,5  24,4   15:38   3,9   05:51   5,0   1,2   0,0   1,7   7,8   14:16     S
15  14,4  19,0   13:28  11,5   01:50   3,9   0,0   4,2   3,1   9,5   16:32     S
16  17,4  26,8   16:03  11,2   23:58   2,6   1,8   9,6   1,8   6,5   12:54   SSW
17  15,3  22,0   14:31   9,5   03:21   3,6   0,6   0,9   2,8   8,8   11:32     S
18  15,7  24,0   14:29  12,8   00:01   2,9   0,3   4,2   2,8   8,2   17:43     S
19  14,8  20,0   16:28  11,3   23:43   3,5   0,0   6,6   2,2   7,8   17:08     S
20  15,0  25,3   16:51   8,0   05:54   4,1   0,8   0,0   2,0   6,8   13:43     S
21  14,1  23,7   13:55  10,5   04:47   4,3   0,1   3,0   1,2   7,5   14:03    NW
22  12,8  18,5   14:52   6,2   23:59   5,5   0,0   0,0   3,1   9,2   09:43     N
23  13,9  25,7   17:16   5,2   04:37   5,6   1,2   0,0   1,1   6,5   18:27   SSW
24  13,0  21,0   14:42   7,5   04:59   5,4   0,1   3,3   0,9   3,4   10:54   NNW
25  15,0  26,7   17:40   8,0   06:54   4,2   0,9   0,3   1,4   5,1   09:30   NNW
26  14,3  26,3   17:37   7,1   23:49   4,8   0,9   0,0   1,1   6,8   04:14     W
27  12,9  27,0   17:17   3,2   06:40   6,5   1,1   0,0   0,9   4,1   10:54     W
28  14,9  21,5   13:40   8,3   03:48   3,7   0,3   0,3   2,5   7,8   18:43     S
29  15,6  20,1   12:43  12,3   23:53   2,8   0,1  11,4   3,0   7,5   15:09     S
30  14,0  23,2   16:17   5,4   06:50   4,9   0,6   0,0   1,6   6,1   15:54   SSW
31  11,0  16,0   14:38   7,1   02:23   7,3   0,0   0,3   0,6   3,7   11:48   NNW
----------------------------------------------------------------------------------
    15,0  27,0     5     3,2    27   123,9  21,4  81,9   2,0  13,3    13     SSW

Max >=  27,0:  2
Max <=   0,0:  0
Min <=   0,0:  0
Min <= -18,0:  0
Max Rain: 18,0 on day 9
Days of Rain: 20 (>= 0,2 mm)  12 (>= 2,0 mm)  0 (>= 20,0 mm)
Heat Base: 18,3  Cool Base: 18,3  Method: Integration
:now::gauges::today::yesterday::this month::this year::noaa::records::monthly records::trends: