Molinna Weather Station

 Latitude N 60° 21' 23"    Longitude E 10° 28' 20"    Elevation 275 m

Records began on 20 desember 2012

NOAA Style Reports for Molinna

Select a Year or Month report
V/Λ2018 > Jan Feb Mar Apr May Jun Jul Aug Sep Oct Nov Dec
V/Λ2017 > Jan Feb Mar Apr May Jun Jul Aug Sep Oct Nov Dec
V/Λ2016 > Jan Feb Mar Apr May Jun Jul Aug Sep Oct Nov Dec
V/Λ2015 > Jan Feb Mar Apr May Jun Jul Aug Sep Oct Nov Dec
V/Λ2014 > Jan Feb Mar Apr May Jun Jul Aug Sep Oct Nov Dec
V/Λ2013 > Jan Feb Mar Apr May Jun Jul Aug Sep Oct Nov Dec

Report for 2017 Sep
                   Monthly Climatological Summary for sep 2017

Name: Skiakersgutua Weather Station   City: Gran   State: 
Elevation: 235 m  Lat: N 60 21' 54"   Lon: E 010 33' 13"

                  Temperature (C), Rain (mm), Wind Speed (m/s)

                                      Heat  Cool        Avg
    Mean                              Deg   Deg         Wind                 Dom
Day Temp  High   Time   Low    Time   Days  Days  Rain  Speed High   Time    Dir
----------------------------------------------------------------------------------
 1  12,3  22,9   17:38   6,0   03:46   6,3   0,3   0,3   1,3   8,2   16:00     S
 2  11,5  23,6   16:30   3,2   06:43   7,1   0,4   0,0   1,3   6,1   18:54     W
 3  12,0  21,7   18:21   7,4   05:38   6,5   0,2   0,0   0,7   5,1   17:39   SSW
 4  10,9  14,5   12:11   7,8   00:10   7,4   0,0   0,0   1,8   8,2   12:29    NW
 5  11,9  13,9   14:03  10,0   04:51   6,4   0,0   0,0   2,9  10,2   19:11     S
 6  11,8  12,9   15:43  10,4   23:15   6,5   0,0  16,2   4,2  10,2   10:56     S
 7  10,3  13,8   15:49   8,4   23:59   8,0   0,0   1,8   1,1   6,1   03:06   WSW
 8  10,8  15,8   13:11   7,6   05:31   7,5   0,0   0,0   1,7   7,8   16:09   SSE
 9  11,8  16,2   12:40   9,3   05:54   6,5   0,0   3,3   1,5   6,1   01:34   WSW
10  12,7  19,3   12:45   9,8   06:13   5,6   0,0   2,1   1,8  10,5   16:10     S
11  11,8  13,6   17:33   8,9   22:45   6,5   0,0   9,3   3,6  10,9   10:35     S
12  12,4  18,0   15:43   9,4   00:13   5,9   0,0  10,2   3,2   8,8   13:44     S
13  11,4  20,0   14:05   5,4   07:27   6,9   0,0  10,5   1,6   6,1   10:10     S
14  11,0  16,8   14:14   5,6   23:58   7,3   0,0   0,3   2,0   8,8   14:21    NW
15   9,9  22,7   17:06   2,9   06:01   8,5   0,1   0,3   0,8   6,5   14:39    NW
16  10,7  20,7   17:26   3,8   07:36   7,6   0,0   0,0   1,2   6,8   12:21   NNW
17  10,5  20,2   15:32   6,6   04:34   7,8   0,0   0,3   0,6   4,4   15:41   WNW
18  12,5  20,9   13:16   8,2   06:19   5,9   0,1   0,6   0,8   6,5   22:07   NNW
19  11,7  16,9   14:52   8,7   05:54   6,6   0,0   0,3   2,0   5,4   02:06   SSW
20   8,2  12,6   15:20   6,3   09:18  10,1   0,0   9,6   3,0   7,1   05:38     S
21   8,0  12,8   16:19   5,1   02:41  10,3   0,0   0,0   1,9   7,1   12:38     S
22   9,9  13,6   16:31   7,1   00:32   8,4   0,0   2,1   0,7   3,7   17:31   NNW
23  11,1  12,6   14:58   9,5   01:19   7,2   0,0   1,2   1,6   5,4   14:09    NW
24  12,6  15,6   12:12  10,8   02:27   5,7   0,0   0,3   0,8   6,8   09:04     S
25  12,8  15,0   13:17  11,3   23:37   5,5   0,0   0,3   1,1   6,8   10:41   SSE
26  12,8  17,4   13:40   9,4   06:37   5,5   0,0   0,0   1,5   6,8   12:42    SW
27  13,6  16,5   12:54  11,7   23:47   4,7   0,0   0,0   2,7   9,2   19:31     S
28  12,1  13,6   15:54  10,8   05:49   6,2   0,0   0,0   2,6   9,2   11:50     S
29  11,0  12,6   00:00  10,1   08:41   7,3   0,0   0,0   4,2  11,2   09:25   SSE
30  11,2  13,6   16:20   9,8   05:17   7,1   0,0   0,0   5,1  10,9   00:37   SSE
----------------------------------------------------------------------------------
    11,4  23,6     2     2,9    15   208,8   1,1  69,0   2,0  11,2    29       S

Max >=  27,0:  0
Max <=   0,0:  0
Min <=   0,0:  0
Min <= -18,0:  0
Max Rain: 16,2 on day 6
Days of Rain: 18 (>= 0,2 mm)  8 (>= 2,0 mm)  0 (>= 20,0 mm)
Heat Base: 18,3  Cool Base: 18,3  Method: Integration
:now::gauges::today::yesterday::this month::this year::noaa::records::monthly records::trends: