Midtre Skiakersgutua Weather Station

 Latitude N 60° 21' 23"    Longitude E 10° 28' 20"    Elevation 275 m

Records began on 20 desember 2012

NOAA Style Reports for Midtre Skiakersgutua


Report for 2017 Oct
                   Monthly Climatological Summary for okt 2017

Name: Skiakersgutua Weather Station   City: Gran   State: 
Elevation: 235 m  Lat: N 60 21' 54"   Lon: E 010 33' 13"

                  Temperature (C), Rain (mm), Wind Speed (m/s)

                                      Heat  Cool        Avg
    Mean                              Deg   Deg         Wind                 Dom
Day Temp  High   Time   Low    Time   Days  Days  Rain  Speed High   Time    Dir
----------------------------------------------------------------------------------
 1  10,2  12,2   14:46   9,0   07:08   8,1   0,0   1,2   5,7  11,9   19:29   SSE
 2  11,0  16,4   14:53   9,4   08:33   7,2   0,0  12,3   5,9  16,0   10:38     S
 3  11,1  18,1   13:49   7,5   03:51   7,2   0,0   0,3   1,9   5,4   00:35   SSW
 4   8,2  12,5   11:31   2,8   23:55  10,1   0,0   0,6   1,9   6,1   01:03    SW
 5   4,6  17,0   15:39  -1,4   07:24  13,7   0,0   0,0   0,1   1,7   01:12    SW
 6   5,9  16,7   13:16  -1,2   05:18  12,4   0,0   0,3   0,5   5,1   13:53   NNW
 7   6,6  18,5   14:56   2,0   07:26  11,7   0,0   0,0   2,2  16,0   17:49   NNW
 8   6,3  12,8   15:24  -2,2   07:53  12,0   0,0   0,0   4,1  12,6   11:26   NNW
 9   3,1  10,5   15:23  -2,8   07:40  15,2   0,0   0,0   1,7   6,8   14:24   NNW
10   2,0   8,7   13:18  -4,0   05:13  16,3   0,0   2,1   0,7   4,1   14:21    SW
11   4,4   6,7   19:29   2,2   07:04  13,9   0,0   8,1   2,1   8,8   16:54     S
12   6,7  10,6   16:32   0,7   23:27  11,6   0,0   4,5   3,5  10,5   09:09   NNW
13   4,5  11,5   14:05  -1,9   05:42  13,8   0,0   4,8   2,0   9,2   15:08     S
14  11,5  19,0   12:18   5,6   08:28   6,8   0,0   0,0   1,6   6,8   12:53   SSW
15   8,3  12,5   20:47   3,5   03:18  10,0   0,0   0,0   2,5   8,5   16:38     S
16  12,2  17,4   10:57   7,1   23:57   6,1   0,0   1,8   2,2   7,5   02:15    SW
17   7,5  12,2   16:03   5,5   05:58  10,8   0,0   8,1   1,6  10,9   22:36   NNW
18   4,2  14,0   14:57  -1,0   08:47  14,1   0,0   0,0   1,3   8,8   00:11    NW
19   0,5   2,4   14:32  -0,2   07:46  17,8   0,0   0,0   0,4   2,4   01:05     W
20   4,1   6,7   20:11   0,4   00:00  14,1   0,0   0,3   0,7   5,8   19:41     W
21   6,8   7,7   12:23   6,0   08:57  11,5   0,0   0,0   3,0   9,2   22:21     S
22   5,2   6,4   00:19   4,3   08:54  13,1   0,0   1,5   1,8  10,2   01:39   SSE
23   3,7   5,1   00:30   1,9   08:12  14,6   0,0   0,0   2,3   7,8   23:51     S
24   2,6   3,5   11:30   1,5   08:02  15,7   0,0  12,6   5,8  14,6   20:48     S
25   2,5   4,5   14:55   1,6   02:41  15,8   0,0   1,8   1,6   5,8   00:14   NNW
26   3,4   8,2   15:27   0,8   08:36  14,9   0,0   2,4   1,1   5,8   21:25   NNW
27   2,8   7,9   23:47   0,1   09:47  15,5   0,0   0,3   0,7   5,8   23:39    SW
28   7,5  11,5   14:11   2,5   19:09  10,8   0,0   0,0   2,9   8,8   12:42    NW
29   4,5   7,4   13:06  -0,3   23:43  14,3   0,0   0,0   8,3  19,7   12:06     N
30  -0,8   2,7   13:14  -4,2   06:00  19,1   0,0   0,0   0,6   3,7   03:21   SSW
31   2,2   7,6   13:08  -1,8   00:59  16,1   0,0   0,0   0,2   2,4   00:51    SW
----------------------------------------------------------------------------------
     5,6  19,0    14    -4,2    30   394,3   0,0  63,0   2,3  19,7    29      SW

Max >=  27,0:  0
Max <=   0,0:  0
Min <=   0,0: 11
Min <= -18,0:  0
Max Rain: 12,6 on day 24
Days of Rain: 17 (>= 0,2 mm)  8 (>= 2,0 mm)  0 (>= 20,0 mm)
Heat Base: 18,3  Cool Base: 18,3  Method: Integration
:now::gauges::today::yesterday::this month::this year::noaa::records::monthly records::trends: