Midtre Skiakersgutua Weather Station

 Latitude N 60° 21' 23"    Longitude E 10° 28' 20"    Elevation 275 m

Records began on 20 desember 2012

NOAA Style Reports for Midtre Skiakersgutua

Select a Year or Month report

Report for 2017 Nov
                   Monthly Climatological Summary for nov 2017

Name: Skiakersgutua Weather Station   City: Gran   State: 
Elevation: 235 m  Lat: N 60 21' 54"   Lon: E 010 33' 13"

                  Temperature (C), Rain (mm), Wind Speed (m/s)

                                      Heat  Cool        Avg
    Mean                              Deg   Deg         Wind                 Dom
Day Temp  High   Time   Low    Time   Days  Days  Rain  Speed High   Time    Dir
----------------------------------------------------------------------------------
 1   1,9   5,1   20:29   1,3   00:00  16,4   0,0   1,2   0,1   2,4   21:26   WSW
 2   2,5   9,5   12:29  -2,3   22:40  15,8   0,0   0,3   1,4  11,9   12:56     N
 3   0,8  10,4   11:45  -3,2   07:12  17,5   0,0   0,0   0,3   3,4   00:39    SW
 4   2,0  10,8   13:02  -3,5   03:46  16,3   0,0   1,2   0,6   5,1   17:24   SSW
 5   3,2   4,8   19:10   2,3   23:23  15,1   0,0  11,1   1,6   6,5   19:09   NNW
 6   0,8   2,9   00:41  -2,3   23:38  17,5   0,0   1,8   0,4   3,1   04:13     S
 7  -0,2   4,3   13:14  -3,7   05:06  18,5   0,0   0,0   0,2   2,0   13:19   WNW
 8   4,6   9,4   12:41   2,1   00:59  13,7   0,0   0,3   2,6   7,1   18:13     S
 9   6,0   9,5   13:13   1,8   23:58  12,3   0,0   0,3   4,4  12,6   08:27     S
10   1,0   3,0   01:14  -2,0   04:08  17,3   0,0   0,0   2,2   7,1   18:01   WNW
11  -3,3   0,4   00:00  -5,7   08:15  21,6   0,0   0,0   0,3   3,1   01:32    NW
12  -4,7   2,3   21:43  -7,8   05:45  23,0   0,0   0,0   0,1   3,1   21:37     W
13  -3,6   1,3   10:43  -8,0   23:11  21,9   0,0   0,0   0,4   3,1   06:09   WSW
14  -3,5   0,1   13:42  -7,7   00:05  21,8   0,0   0,0   0,0   2,0   14:37   SSW
15  -1,6   3,2   17:31  -5,3   23:09  19,9   0,0   1,2   0,6   3,4   17:09     W
16  -0,4   5,8   19:17  -7,3   03:48  18,7   0,0   3,3   2,1   8,5   14:06   SSW
17   2,7   5,1   12:38  -1,9   07:58  15,6   0,0   0,0   2,8   8,2   09:36     S
18  -1,0   1,8   00:00 -13,2   12:08  19,2   0,0   0,0   1,2  21,8   14:16     S
19  -3,7   0,0   10:58  -8,6   23:41  22,0   0,0   0,0   2,2  10,9   01:08   NNW
20  -7,4  -4,5   23:19 -11,2   04:18  25,7   0,0   0,0   0,0   0,0   00:00   ---
21  -6,9  -3,7   03:15 -11,7   23:07  25,2   0,0   0,0   0,0   1,0   07:55   WNW
22  -6,3  -2,2   23:41 -10,9   00:00  24,6   0,0   0,0   1,1   5,8   23:06    NW
23   3,5   7,7   18:13  -2,3   00:09  14,8   0,0   3,3   4,7  14,6   18:41     S
24   0,9   3,4   10:48  -1,0   08:28  17,4   0,0   0,0   3,3   8,5   13:44     S
25  -1,0   2,0   10:54  -2,6   03:42  19,3   0,0   0,0   2,4   7,8   06:27     S
26   1,0   2,6   13:54  -1,3   00:43  17,3   0,0   1,5   2,4   8,5   21:28   SSW
27  -3,3   0,2   00:54  -5,3   07:28  21,6   0,0   0,0   1,1   8,5   22:43   NNW
28  -2,4  -0,9   21:26  -3,2   00:41  20,7   0,0   0,0   4,0  11,6   05:47   NNW
29  -1,5  -0,5   02:43  -3,4   21:20  19,8   0,0   0,0   0,7  12,6   02:31   NNW
30  -1,5  -0,4   16:33  -3,0   00:54  19,8   0,0   0,0   0,2   9,9   15:04   NNW
----------------------------------------------------------------------------------
    -0,7  10,8     4   -13,2    18   570,3   0,0  25,5   1,5  21,8    18      SW

Max >=  27,0:  0
Max <=   0,0:  7
Min <=   0,0: 26
Min <= -18,0:  0
Max Rain: 11,1 on day 5
Days of Rain: 11 (>= 0,2 mm)  3 (>= 2,0 mm)  0 (>= 20,0 mm)
Heat Base: 18,3  Cool Base: 18,3  Method: Integration
:now::gauges::today::yesterday::this month::this year::noaa::records::monthly records::trends: