Midtre Skiakersgutua Weather Station

 Latitude N 60° 21' 23"    Longitude E 10° 28' 20"    Elevation 275 m

Records began on 20 desember 2012

NOAA Style Reports for Midtre Skiakersgutua


Report for 2017 Dec
                   Monthly Climatological Summary for des 2017

Name: Skiakersgutua Weather Station   City: Gran   State: 
Elevation: 235 m  Lat: N 60 21' 54"   Lon: E 010 33' 13"

                  Temperature (C), Rain (mm), Wind Speed (m/s)

                                      Heat  Cool        Avg
    Mean                              Deg   Deg         Wind                 Dom
Day Temp  High   Time   Low    Time   Days  Days  Rain  Speed High   Time    Dir
----------------------------------------------------------------------------------
 1  -9,8  -1,4   00:00 -14,4   19:05  28,1   0,0   0,0   0,0   5,1   01:41    NW
 2  -7,5  -3,3   14:37 -13,0   01:50  25,8   0,0   0,0   0,0   1,4   11:57   SSE
 3  -7,9  -4,2   01:21 -11,7   21:38  26,2   0,0   0,0   0,0   1,4   00:40     W
 4  -9,6  -6,8   01:51 -12,0   09:58  27,9   0,0   0,0   0,0   0,0   00:00   ---
 5  -5,6  -1,8   22:27  -9,2   08:41  23,9   0,0   0,0   0,0   0,7   15:13     S
 6  -0,9   0,3   23:56  -2,4   01:45  19,2   0,0   0,0   0,4   4,1   22:14     S
 7   3,5   6,7   13:55  -0,3   04:16  14,8   0,0   3,3   2,1  13,3   22:59     S
 8   2,3   5,6   12:20  -0,7   22:00  16,0   0,0   0,0   0,1   9,5   07:23     S
 9  -1,1   4,1   04:07  -8,2   23:40  19,4   0,0   0,0   0,0   0,7   12:21    NW
10  -8,9  -6,6   12:45 -11,3   19:44  27,2   0,0   0,0   0,0   0,0   00:00   ---
11  -5,9  -3,9   23:56  -8,4   00:00  24,2   0,0   0,0   0,0   1,0   12:30     N
12  -8,1  -3,8   00:05 -13,7   20:54  26,4   0,0   0,0   0,0   6,5   07:29   NNW
13 -10,3  -7,5   19:32 -13,4   04:18  28,6   0,0   0,0   0,0   1,7   05:22    SE
14  -5,4  -3,7   13:52  -7,6   00:00  23,7   0,0   0,0   0,0   0,3   02:44   WNW
15  -4,5  -1,1   03:17  -7,1   21:39  22,8   0,0   0,0   0,1   3,4   03:07   NNW
16  -7,5  -2,0   10:12 -14,8   23:44  25,8   0,0   0,0   0,3   7,5   10:32    NW
17 -13,6 -10,4   23:59 -15,8   03:05  31,9   0,0   0,0   0,0   1,0   10:24   SSW
18  -7,1  -4,0   12:11 -12,1   23:57  25,4   0,0   0,0   0,0   0,7   02:20   SSW
19  -8,5  -4,9   13:09 -12,4   02:04  26,8   0,0   0,0   0,0   0,0   00:00   ---
20  -5,1  -3,0   19:25  -8,2   00:24  23,4   0,0   0,0   0,0   0,7   08:49     S
21  -7,8  -4,8   11:06 -10,9   22:29  26,1   0,0   0,0   0,0   1,0   01:28    SW
22  -7,6  -0,9   23:52 -10,9   07:18  25,9   0,0   0,0   0,0   0,0   00:00   ---
23   0,0   4,2   20:32  -3,5   07:59  18,3   0,0   2,1   0,8   8,8   20:27    NW
24  -3,6   1,2   00:00  -9,2   23:46  21,9   0,0   0,0   0,9   3,1   11:24   WSW
25  -4,6  -0,5   12:07  -9,7   00:52  22,9   0,0   0,0   0,6   2,0   01:24    SW
26  -0,2   2,2   17:50  -3,8   00:00  18,5   0,0   1,5   2,9  10,9   22:44     S
27  -1,0   1,7   00:08  -4,5   21:33  19,3   0,0   0,0   3,4   9,2   00:25     S
28  -0,9   0,6   12:57  -3,1   00:24  19,2   0,0   0,0   1,3   5,8   03:38    NW
29  -2,1   0,3   00:00  -7,6   20:04  20,4   0,0   0,0   0,6   4,1   15:56     S
30  -8,9  -6,1   00:00 -11,5   09:21  27,2   0,0   0,0   0,5   2,0   06:22    SE
31  -6,1  -4,0   22:11  -8,3   07:14  24,4   0,0   0,0   0,4   2,0   19:46   NNE
----------------------------------------------------------------------------------
    -5,3   6,7     7   -15,8    17   731,6   0,0   6,9   0,5  13,3     7     SSW

Max >=  27,0:  0
Max <=   0,0: 21
Min <=   0,0: 31
Min <= -18,0:  0
Max Rain: 3,3 on day 7
Days of Rain: 3 (>= 0,2 mm)  2 (>= 2,0 mm)  0 (>= 20,0 mm)
Heat Base: 18,3  Cool Base: 18,3  Method: Integration
:now::gauges::today::yesterday::this month::this year::noaa::records::monthly records::trends: