Midtre Skiakersgutua Weather Station

 Latitude N 60° 21' 23"    Longitude E 10° 28' 20"    Elevation 275 m

Records began on 20 desember 2012

NOAA Style Reports for Midtre Skiakersgutua

Select a Year or Month report

Report for 2018 Jan
                   Monthly Climatological Summary for jan 2018

Name: Skiakersgutua Weather Station   City: Gran   State: 
Elevation: 235 m  Lat: N 60 21' 54"   Lon: E 010 33' 13"

                  Temperature (C), Rain (mm), Wind Speed (m/s)

                                      Heat  Cool        Avg
    Mean                              Deg   Deg         Wind                 Dom
Day Temp  High   Time   Low    Time   Days  Days  Rain  Speed High   Time    Dir
----------------------------------------------------------------------------------
 1  -1,6   1,6   21:24  -4,0   00:00  19,9   0,0   0,0   0,3   3,4   03:45   SSW
 2  -1,5   0,7   00:00  -5,7   23:35  19,8   0,0   0,0   0,4   2,7   11:38     N
 3  -4,4  -1,7   19:40  -8,7   03:28  22,7   0,0   0,0   0,4   4,4   21:51     N
 4  -0,5   0,5   14:16  -2,0   00:00  18,8   0,0   0,0   2,9   6,5   19:57     N
 5  -4,3  -0,5   00:12 -13,7   22:22  22,6   0,0   0,0   4,0  10,5   03:22   NNW
 6 -12,5  -7,9   12:09 -18,0   23:01  30,8   0,0   0,0   0,6   3,1   11:34   SSW
 7 -11,8  -1,4   15:23 -21,3   07:34  30,1   0,0   0,0   1,3   8,8   12:11   SSW
 8  -8,6  -4,2   10:10 -13,1   23:46  26,9   0,0   0,0   0,7   2,4   00:11    SW
 9 -14,2 -11,5   03:58 -19,8   22:52  32,5   0,0   0,0   0,0   1,0   01:07     S
10 -16,1  -7,7   23:33 -20,2   08:24  34,4   0,0   0,0   0,0   0,3   18:38   WNW
11  -4,6  -3,0   14:31  -7,7   00:00  22,9   0,0   0,0   0,0   0,3   07:23    SE
12  -5,2  -3,4   00:00  -7,3   08:59  23,5   0,0   0,0   0,0   0,0   00:00   ---
13  -4,5  -3,6   13:17  -5,3   00:56  22,8   0,0   0,0   0,0   0,0   00:00   ---
14  -4,0  -2,9   22:38  -5,2   02:55  23,2   0,0   0,0   1,7   9,2   21:45     S
15  -2,8  -2,0   23:57  -3,3   09:08  21,1   0,0  15,3   8,8  18,4   13:21     S
16  -1,5   0,2   13:54  -3,2   19:57  19,8   0,0   0,6   4,7  16,0   00:42     S
17  -1,9  -1,0   11:53  -2,4   00:00  20,2   0,0   0,0   0,5   2,7   14:59   NNW
18  -4,7  -2,4   00:00  -8,0   21:17  23,0   0,0   0,0   0,7   2,7   15:55     W
19  -5,8  -2,6   12:53  -9,9   06:59  24,1   0,0   0,0   1,7   7,5   23:07     S
20  -3,5  -2,3   13:25  -4,2   21:26  21,8   0,0   0,0   3,0   9,5   03:23     S
21  -5,2  -3,1   14:18  -8,6   10:00  23,5   0,0   0,0   0,7   3,4   21:39    SW
22  -8,1  -5,2   00:00  -9,3   09:23  26,4   0,0   0,0   1,6   4,4   02:09     N
23  -2,3   0,4   21:32  -7,4   00:00  20,6   0,0   0,0   3,6   8,2   20:20     S
24   1,2   2,9   23:19   0,1   08:56  17,1   0,0   5,1   4,9  12,6   14:51     S
25   3,1   5,3   06:11  -0,5   18:56  15,2   0,0   0,3   3,5  16,0   01:23     S
26  -3,4   1,6   01:41 -11,7   23:39  21,7   0,0   0,0   1,0   5,4   03:15    SW
27  -9,4  -1,3   23:53 -13,3   02:56  27,7   0,0   0,0   1,7  11,2   21:55     S
28  -3,6  -0,8   01:45  -7,5   20:30  21,9   0,0   0,0   1,4   9,9   00:10   WNW
29  -6,1  -2,8   13:30  -8,9   08:46  24,4   0,0   0,0   0,2   1,7   00:43   NNW
30  -7,1  -1,0   23:55 -10,4   17:09  25,4   0,0   0,0   0,3   1,7   00:34    SW
31   0,4   1,1   12:09  -1,0   00:00  17,9   0,0   0,0   4,2  10,9   17:44     S
----------------------------------------------------------------------------------
    -5,0   5,3    25   -21,3     7   722,7   0,0  21,3   1,8  18,4    15       S

Max >=  27,0:  0
Max <=   0,0: 22
Min <=   0,0: 30
Min <= -18,0:  4
Max Rain: 15,3 on day 15
Days of Rain: 4 (>= 0,2 mm)  2 (>= 2,0 mm)  0 (>= 20,0 mm)
Heat Base: 18,3  Cool Base: 18,3  Method: Integration
:now::gauges::today::yesterday::this month::this year::noaa::records::monthly records::trends: