Midtre Skiakersgutua Weather Station

 Latitude N 60° 21' 23"    Longitude E 10° 28' 20"    Elevation 275 m

Records began on 20 desember 2012

NOAA Style Reports for Midtre Skiakersgutua

Select a Year or Month report

Report for 2018 Feb
                   Monthly Climatological Summary for feb 2018

Name: Skiakersgutua Weather Station   City: Gran   State: 
Elevation: 235 m  Lat: N 60 21' 54"   Lon: E 010 33' 13"

                  Temperature (C), Rain (mm), Wind Speed (m/s)

                                      Heat  Cool        Avg
    Mean                              Deg   Deg         Wind                 Dom
Day Temp  High   Time   Low    Time   Days  Days  Rain  Speed High   Time    Dir
----------------------------------------------------------------------------------
 1   0,4   3,4   12:38  -4,5   23:46  17,9   0,0   0,6   2,8  11,2   20:16     N
 2  -7,3  -4,5   00:00 -12,5   21:46  25,6   0,0   0,0   4,0   9,9   13:07   NNW
 3  -9,7  -8,2   12:20 -14,1   23:13  28,0   0,0   0,0   4,0   9,5   14:11   NNW
 4 -15,1  -9,0   13:05 -21,1   08:55  33,4   0,0   0,0   1,2   6,1   00:58    SW
 5  -9,5  -4,5   12:52 -13,0   00:00  27,8   0,0   0,0   0,5   1,7   00:13    SW
 6  -7,3  -3,0   13:59  -9,1   06:13  25,6   0,0   0,0   0,6   3,1   22:58   SSW
 7  -7,7  -3,9   12:58 -11,6   23:52  26,0   0,0   0,0   0,8   3,1   10:54   SSW
 8  -7,7   0,2   23:52 -13,6   01:31  26,0   0,0   0,0   1,0   5,4   22:17   SSW
 9  -0,7   0,6   01:27  -2,7   23:26  19,0   0,0   0,0   5,6  11,9   11:24     S
10  -2,5  -1,6   14:34  -3,2   08:05  20,8   0,0   0,0   5,4  12,2   23:06     S
11  -3,1  -2,6   11:43  -3,8   17:13  21,4   0,0   0,0   5,5  11,9   10:12   SSE
12  -2,6  -2,0   18:34  -3,2   23:42  20,9   0,0   0,0   4,3  10,9   00:07   NNW
13  -9,8  -3,2   00:00 -16,1   08:40  28,1   0,0   0,3   0,8   2,7   21:15   WSW
14  -0,2   3,1   12:53  -7,5   00:06  18,5   0,0   0,0   5,0  10,2   20:13     S
15  -1,3   0,9   00:56  -2,4   22:12  19,6   0,0   0,0   6,8  13,6   09:06     S
16  -2,4   0,8   12:29  -6,0   23:59  20,7   0,0   0,0   2,5  10,5   02:10     S
17  -4,8  -1,2   12:58  -7,9   02:03  23,1   0,0   0,0   0,9   3,1   11:50     S
18  -4,8  -2,2   14:06  -6,3   07:45  23,1   0,0   0,0   1,2   3,4   12:52     N
19  -3,3   0,6   11:50  -5,7   02:38  21,6   0,0   0,0   1,8   5,4   22:52   WSW
20  -4,4  -1,0   13:16  -6,7   23:21  22,7   0,0   0,0   2,8   7,1   02:37     S
21  -4,7   0,0   11:43  -7,1   02:34  23,0   0,0   0,3   1,0   3,7   22:21   NNW
22  -7,9   0,4   13:50 -14,3   23:39  26,2   0,0   0,0   1,2   3,7   01:19   NNW
23  -6,2   1,9   13:05 -14,0   00:00  24,5   0,0   0,0   1,7   9,5   19:15     S
24  -4,4  -2,8   12:53  -5,8   23:51  22,7   0,0   0,0   2,8   7,5   05:49     S
25  -8,5  -3,4   15:00 -19,1   23:56  26,8   0,0   0,0   2,4   7,5   11:39     S
26 -15,7  -4,9   13:14 -23,1   06:32  34,0   0,0   0,0   0,9   8,2   23:45     W
27 -10,5  -8,2   14:09 -13,9   23:56  28,8   0,0   0,0   5,8  13,3   12:44     N
28 -13,7  -9,6   12:57 -20,9   23:57  32,0   0,0   0,0   4,7  11,2   08:16   NNW
----------------------------------------------------------------------------------
    -6,3   3,4     1   -23,1    26   687,8   0,0   1,2   2,8  13,6    15     SSW

Max >=  27,0:  0
Max <=   0,0: 19
Min <=   0,0: 28
Min <= -18,0:  4
Max Rain: 0,6 on day 1
Days of Rain: 3 (>= 0,2 mm)  0 (>= 2,0 mm)  0 (>= 20,0 mm)
Heat Base: 18,3  Cool Base: 18,3  Method: Integration
:now::gauges::today::yesterday::this month::this year::noaa::records::monthly records::trends: