Midtre Skiakersgutua Weather Station

 Latitude N 60° 21' 23"    Longitude E 10° 28' 20"    Elevation 275 m

Records began on 20 desember 2012

NOAA Style Reports for Midtre Skiakersgutua

Select a Year or Month report

Report for 2018 Mar
                   Monthly Climatological Summary for mar 2018

Name: Skiakersgutua Weather Station   City: Gran   State: 
Elevation: 235 m  Lat: N 60 21' 54"   Lon: E 010 33' 13"

                  Temperature (C), Rain (mm), Wind Speed (m/s)

                                      Heat  Cool        Avg
    Mean                              Deg   Deg         Wind                 Dom
Day Temp  High   Time   Low    Time   Days  Days  Rain  Speed High   Time    Dir
----------------------------------------------------------------------------------
 1 -18,3  -6,5   13:53 -25,5   07:29  36,6   0,0   0,0   1,3   6,8   17:30   WNW
 2 -14,7  -5,5   14:35 -24,4   04:05  33,0   0,0   0,0   0,7   2,4   00:14     S
 3  -7,3   1,6   13:57 -10,9   06:53  25,6   0,0   0,0   0,8   3,1   18:59     S
 4  -6,7  -1,5   10:48 -10,5   07:23  25,0   0,0   0,0   1,0   3,7   18:28   WSW
 5  -5,7  -2,3   13:12  -7,7   05:25  24,0   0,0   0,0   1,6   6,8   18:21     S
 6  -6,2  -4,2   15:13  -7,8   06:05  24,5   0,0   0,0   1,6   4,4   08:05    NW
 7  -3,1   0,5   15:30  -5,8   00:00  21,4   0,0   0,0   0,9   4,1   07:05     N
 8  -1,9   2,6   13:28  -4,4   23:47  20,2   0,0   0,6   1,2   4,8   12:21     W
 9  -5,1  -0,3   14:06 -11,5   23:46  23,4   0,0   0,3   1,6   6,1   10:34    NW
10  -8,5   4,2   15:03 -15,5   05:50  26,8   0,0   0,0   0,5   1,7   18:49    SW
11  -6,0  -3,2   13:11  -9,8   00:00  24,3   0,0   0,0   1,4   4,1   19:14   NNW
12  -2,0   0,0   14:50  -4,6   00:00  20,3   0,0   0,3   3,7   7,5   23:18    NW
13  -1,2   1,5   14:19  -7,1   23:51  19,5   0,0   0,0   4,5  11,9   12:31   NNW
14  -5,0   8,0   13:56 -14,5   05:49  23,3   0,0   0,0   0,7   3,1   00:11   SSW
15  -5,2   2,8   16:07 -10,0   21:50  23,5   0,0   0,0   2,1   8,8   12:22     S
16 -10,2   1,0   14:35 -17,7   06:46  28,5   0,0   0,0   1,6   5,1   12:18     W
17 -11,7   3,7   16:18 -22,5   06:43  30,0   0,0   0,0   0,7   2,7   03:28   SSW
18  -9,9   5,7   14:58 -21,9   06:54  28,2   0,0   0,0   0,7   2,7   18:39   SSW
19  -3,4   7,2   11:12 -12,3   00:05  21,7   0,0   0,3   3,0  15,6   15:51   NNW
20  -1,8  11,0   13:16 -11,9   05:50  20,1   0,0   0,0   1,1   3,4   08:08   SSW
21   0,7   9,5   13:04  -6,4   05:52  17,6   0,0   0,0   1,1   5,4   15:25   WSW
22   1,6  12,5   16:13  -3,0   21:50  16,7   0,0   0,0   1,0   3,4   06:32    SW
23   0,3   3,4   12:57  -3,2   03:24  18,0   0,0   0,0   4,3  11,6   18:43     S
24   4,0  10,9   15:41   0,1   00:18  14,3   0,0   0,0   3,4  10,9   05:28     S
25   4,0  12,7   14:25  -3,9   07:43  13,7   0,0   0,0   1,2   5,1   16:02   WSW
26  -1,4   5,9   13:31  -8,6   23:43  19,7   0,0   0,0   2,6   8,8   06:26     N
27  -5,8   5,3   13:56 -14,8   06:37  24,1   0,0   0,0   0,8   4,1   15:57     W
28  -6,4   8,4   15:59 -17,2   06:43  24,8   0,0   0,0   0,5   2,4   15:29   WSW
29  -6,0   8,4   17:00 -15,5   06:59  23,8   0,0   0,0   0,7   2,7   15:30    SW
30  -5,2   8,8   14:32 -16,0   07:07  23,5   0,0   0,0   0,7   3,1   15:12   WSW
31  -3,9  10,7   16:46 -14,7   06:55  22,2   0,0   0,0   0,6   3,4   15:40   SSW
----------------------------------------------------------------------------------
    -4,9  12,7    25   -25,5     1   718,3   0,0   1,5   1,6  15,6    19       W

Max >=  27,0:  0
Max <=   0,0:  8
Min <=   0,0: 30
Min <= -18,0:  4
Max Rain: 0,6 on day 8
Days of Rain: 4 (>= 0,2 mm)  0 (>= 2,0 mm)  0 (>= 20,0 mm)
Heat Base: 18,3  Cool Base: 18,3  Method: Integration
:now::gauges::today::yesterday::this month::this year::noaa::records::monthly records::trends: