Midtre Skiakersgutua Weather Station

 Latitude N 60° 21' 23"    Longitude E 10° 28' 20"    Elevation 275 m

Records began on 20 desember 2012

NOAA Style Reports for Midtre Skiakersgutua

Select a Year or Month report

Report for 2018 Jun
                   Monthly Climatological Summary for jun 2018

Name: Skiakersgutua Weather Station   City: Gran   State: 
Elevation: 235 m  Lat: N 60° 21' 54"   Lon: E 010° 33' 13"

                  Temperature (°C), Rain (mm), Wind Speed (m/s)

                                      Heat  Cool        Avg
    Mean                              Deg   Deg         Wind                 Dom
Day Temp  High   Time   Low    Time   Days  Days  Rain  Speed High   Time    Dir
----------------------------------------------------------------------------------
 1  20,4  28,0   15:14  11,6   05:20   1,2   3,3   0,0   1,2   8,7   16:15    NW
 2  21,0  28,5   17:57  11,8   05:13   1,4   4,1   0,0   1,1   7,7   12:46   NNW
 3  22,3  29,4   15:26  13,2   05:11   0,8   4,9   0,0   1,5   7,1   19:41    NW
 4  18,0  22,9   16:18  10,9   23:55   1,4   1,1   0,0   3,3  11,2   18:01     N
 5  11,8  19,0   17:00   5,7   05:20   6,5   0,0   0,0   3,0  10,7   09:52   NNW
 6  13,9  21,5   18:47   5,8   04:57   4,8   0,4   0,0   1,9   6,6   10:57   SSE
 7  19,1  27,4   18:26  10,1   04:21   2,0   2,8   0,0   1,7   7,7   22:38    SE
 8  20,2  26,1   17:35  13,8   05:17   0,8   2,7   0,0   1,4   4,6   03:51     E
 9  20,1  26,9   15:51  12,0   03:45   1,3   3,1   0,5   1,9   8,7   16:39    SE
10  19,7  26,5   14:04  14,0   04:07   1,2   2,7   1,8   1,9   8,2   18:41    SE
11  14,5  16,1   20:05  12,3   23:45   3,8   0,0  11,2   2,5   9,7   13:11   NNW
12  15,5  22,3   16:54  10,2   04:42   3,3   0,6   0,0   2,7   7,1   02:10    NW
13  14,8  19,9   18:20  10,9   05:57   3,6   0,0   0,0   2,6   7,1   19:33    NW
14  13,6  15,0   00:09  12,0   13:41   4,7   0,0   4,6   4,8  11,2   19:18    SE
15  14,2  18,7   17:16   9,4   05:05   4,1   0,0   0,0   3,3  10,7   13:38   SSE
16  14,3  19,5   14:29  10,6   05:45   4,0   0,0   1,3   1,7   8,2   14:11   SSE
17  12,2  15,9   18:23   9,2   03:09   6,0   0,0  10,4   1,3   5,6   15:34    SE
18  12,9  16,3   14:47   7,7   04:00   5,4   0,0   1,5   2,7   9,7   13:49    SE
19  14,6  18,8   16:51  10,7   23:52   3,7   0,0   0,0   3,2  13,3   17:27     W
20  11,4  15,7   15:43   5,8   05:03   6,9   0,0   0,0   2,3   7,7   00:27   SSE
21   9,8  14,2   19:57   5,7   03:31   8,3   0,0   0,0   3,5  11,7   20:00   NNW
22  11,3  13,9   10:42   8,2   05:22   7,0   0,0   0,0   5,3  17,9   12:20   NNW
23  15,1  21,5   18:28   7,0   04:44   3,8   0,6   0,0   2,1   7,7   12:12    NW
24  15,9  22,4   17:31   5,6   04:06   3,3   0,8   0,0   1,2   6,1   13:07   NNW
25  20,7  28,6   18:56  12,2   03:50   1,2   3,6   0,0   1,9   7,1   09:47    NW
26  22,1  28,2   16:26  15,2   05:19   0,5   4,3   0,0   2,2   9,7   12:24    SE
27  20,9  28,5   16:47  10,7   05:17   1,4   4,0   0,0   1,7   7,1   15:53    SE
28  19,5  25,7   14:14  11,7   04:43   1,3   2,5   0,0   3,0  12,8   16:23    NW
29  15,4  20,9   17:09   9,6   04:15   3,2   0,4   0,0   3,2  10,2   12:04   NNW
30  15,4  22,0   18:10   6,7   04:03   3,8   0,9   0,0   2,1   7,1   14:39    NW
----------------------------------------------------------------------------------
    16,4  29,4     3     5,6    24   100,7  42,8  31,3   2,4  17,9    22     NNW

Max >=  27,0:  7
Max <=   0,0:  0
Min <=   0,0:  0
Min <= -18,0:  0
Max Rain: 11,2 on day 11
Days of Rain: 7 (>= 0,2 mm)  3 (>= 2,0 mm)  0 (>= 20,0 mm)
Heat Base: 18,3  Cool Base: 18,3  Method: Integration
:now::gauges::today::yesterday::this month::this year::noaa::records::monthly records::trends: