Midtre Skiakersgutua Weather Station

 Latitude N 60° 21' 23"    Longitude E 10° 28' 20"    Elevation 275 m

Records began on 20 desember 2012

NOAA Style Reports for Midtre Skiakersgutua

Select a Year or Month report
V/Λ2019 > Jan Feb Mar Apr May Jun Jul Aug Sep Oct Nov Dec
V/Λ2018 > Jan Feb Mar Apr May Jun Jul Aug Sep Oct Nov Dec

Report for 2019 Jul
                   Monthly Climatological Summary for jul 2019

Name: Skiakersgutua Weather Station   City: Gran   State: 
Elevation: 235 m  Lat: N 60° 21' 54"   Lon: E 010° 33' 13"

                  Temperature (°C), Rain (mm), Wind Speed (m/s)

                                      Heat  Cool        Avg
    Mean                              Deg   Deg         Wind                 Dom
Day Temp  High   Time   Low    Time   Days  Days  Rain  Speed High   Time    Dir
----------------------------------------------------------------------------------
 1  16,2  20,4   12:43  11,4   04:27   2,2   0,1   2,0   2,0   7,7   11:29   SSW
 2  12,5  16,0   14:40   9,4   04:40   5,8   0,0   1,5   4,0  12,8   15:57    NW
 3  10,8  13,8   19:19   5,7   05:19   7,5   0,0   0,0   2,3   8,7   14:49    NW
 4  10,6  14,6   14:43   7,1   01:38   7,7   0,0   1,0   3,1  15,3   12:49   NNW
 5  12,9  21,0   19:45   2,7   05:25   5,5   0,2   0,0   2,0   7,7   11:50    NW
 6  13,7  18,0   17:35  11,0   05:48   4,6   0,0   0,0   2,6  10,2   17:10   NNW
 7  13,7  18,8   16:37   9,8   08:02   4,6   0,0   0,3   2,7   7,1   01:11    NW
 8  14,0  18,2   14:20   6,6   05:24   4,3   0,0   0,0   3,1  10,2   11:33   NNW
 9  15,3  19,9   16:29  11,2   23:58   3,1   0,2   0,0   3,0   8,2   12:12    NW
10  16,7  24,7   17:34   6,3   05:07   3,5   1,8   0,0   1,0   5,1   12:25    NW
11  18,4  25,5   17:41   9,1   04:44   2,2   2,3   0,0   0,9   4,1   11:21   SSW
12  18,4  26,6   16:02  10,2   04:55   2,2   2,3   0,0   1,0   8,2   19:26   WNW
13  18,7  27,1   18:36   9,6   04:50   2,2   2,6   0,0   1,4   6,6   18:49     S
14  18,4  24,8   14:45  11,8   04:32   1,5   1,6   0,0   1,9   7,7   21:56    SE
15  15,3  20,5   15:37  11,9   23:12   3,2   0,2   4,3   2,3   8,7   13:26   NNW
----------------------------------------------------------------------------------
    15,0  27,1    13     2,7     5    60,1  11,3   9,1   2,2  15,3     4      NW

Max >=  27,0:  1
Max <=   0,0:  0
Min <=   0,0:  0
Min <= -18,0:  0
Max Rain: 4,3 on day 15
Days of Rain: 5 (>= 0,2 mm)  2 (>= 2,0 mm)  0 (>= 20,0 mm)
Heat Base: 18,3  Cool Base: 18,3  Method: Integration
:now::gauges::today::yesterday::this month::this year::noaa::records::monthly records::trends: