Midtre Skiakersgutua Weather Station

 Latitude N 60° 21' 23"    Longitude E 10° 28' 20"    Elevation 275 m

Records began on 20 desember 2012

NOAA Style Reports for Midtre Skiakersgutua

Select a Year or Month report
V/Λ2019 > Jan Feb Mar Apr May Jun Jul Aug Sep Oct Nov Dec
V/Λ2018 > Jan Feb Mar Apr May Jun Jul Aug Sep Oct Nov Dec

Report for 2019 May
                   Monthly Climatological Summary for mai 2019

Name: Skiakersgutua Weather Station   City: Gran   State: 
Elevation: 235 m  Lat: N 60° 21' 54"   Lon: E 010° 33' 13"

                  Temperature (°C), Rain (mm), Wind Speed (m/s)

                                      Heat  Cool        Avg
    Mean                              Deg   Deg         Wind                 Dom
Day Temp  High   Time   Low    Time   Days  Days  Rain  Speed High   Time    Dir
----------------------------------------------------------------------------------
 1  10,8  15,0   15:48   5,6   06:00   7,5   0,0   0,0   1,5   6,6   17:03   NNW
 2   5,6  10,4   00:00   2,0   23:59  12,1   0,0   0,8   6,5  19,4   02:22   NNW
 3   2,1   6,8   13:23  -4,1   05:55  16,2   0,0   0,0   2,5  12,2   18:11   NNW
 4   3,4   8,6   15:56  -2,3   06:33  14,9   0,0   0,3   3,5  15,8   17:02   NNW
 5   3,5   9,7   15:46  -1,6   06:41  14,8   0,0   2,5   1,4   6,6   15:59    SW
 6   0,5   2,4   00:00  -1,2   11:58  17,8   0,0   1,3   5,3  11,7   10:09    NW
 7   3,2   8,1   15:58  -0,8   04:16  15,1   0,0   0,0   3,1   9,2   01:04   NNW
 8   3,4   9,5   16:02  -3,4   05:56  14,9   0,0   0,0   1,1   9,7   16:43    SE
 9   4,2   7,1   23:46  -0,6   01:31  14,1   0,0  16,5   3,4  13,3   16:09    SE
10   7,7   9,3   15:49   6,3   05:41  10,6   0,0   7,1   3,1   8,2   13:45   SSE
11   5,6   7,6   00:55   4,1   23:43  12,7   0,0   6,4   3,3   8,7   18:31    NW
12   5,9   9,9   15:46   1,4   23:59  12,4   0,0   0,0   5,9  12,2   16:17   NNW
13   6,6  13,1   17:41  -0,4   01:48  11,7   0,0   0,0   1,2   5,6   11:23   NNW
14   9,8  17,1   18:32   2,5   03:35   8,5   0,0   0,0   1,1   6,6   20:01   NNE
15  10,7  18,6   18:01   2,7   04:21   7,6   0,0   0,0   0,7   3,6   12:38    NE
16  13,4  21,4   16:23   4,0   04:23   5,5   0,6   0,0   1,1   5,6   13:39     N
17  15,1  21,4   16:03   6,3   05:23   3,9   0,7   0,0   1,7   8,7   11:41   ESE
18  10,6  15,8   00:00   8,5   11:41   7,7   0,0  14,5   1,9   7,7   03:49    NW
19  12,7  17,8   19:40   9,9   03:50   5,6   0,0  22,4   0,9   4,6   20:01   WNW
----------------------------------------------------------------------------------
     7,1  21,4    16    -4,1     3   213,6   1,3  71,8   2,6  19,4     2     NNW

Max >=  27,0:  0
Max <=   0,0:  0
Min <=   0,0:  8
Min <= -18,0:  0
Max Rain: 22,4 on day 19
Days of Rain: 9 (>= 0,2 mm)  6 (>= 2,0 mm)  1 (>= 20,0 mm)
Heat Base: 18,3  Cool Base: 18,3  Method: Integration
:now::gauges::today::yesterday::this month::this year::noaa::records::monthly records::trends: