Midtre Skiakersgutua Weather Station

 Latitude N 60° 21' 23"    Longitude E 10° 28' 20"    Elevation 275 m

Records began on 20 desember 2012

NOAA Style Reports for Midtre Skiakersgutua

Select a Year or Month report

Report for 2019 Oct
                   Monthly Climatological Summary for okt 2019

Name: Skiakersgutua Weather Station   City: Gran   State: Oppland
Elevation: 235 m  Lat: N 60° 21' 54"   Lon: E 010° 33' 13"

                  Temperature (°C), Rain (mm), Wind Speed (m/s)

                                      Heat  Cool        Avg
    Mean                              Deg   Deg         Wind                 Dom
Day Temp  High   Time   Low    Time   Days  Days  Rain  Speed High   Time    Dir
----------------------------------------------------------------------------------
 1   6,3  11,9   16:03  -0,8   07:20  12,0   0,0   0,3   2,0   8,7   13:16    NW
 2   6,8   9,1   16:21   3,6   02:11  11,5   0,0   5,3   3,6   9,2   10:12    NW
 3   4,2   6,3   01:56   2,5   23:54  14,1   0,0   3,0   2,0   6,6   09:51   SSE
 4   2,5   4,7   14:33   0,7   23:16  15,8   0,0   0,5   1,4   5,6   14:44     W
 5   1,0   4,9   11:27  -3,6   23:57  17,3   0,0   0,0   0,5   3,6   12:35     W
 6  -1,1   4,3   15:53  -5,2   06:43  19,4   0,0   0,3   0,7   4,1   12:58   WNW
 7  -0,4   6,0   15:40  -5,2   03:36  18,7   0,0   0,0   0,6   2,6   11:45   SSW
 8   2,3   3,4   16:17   0,3   00:00  16,0   0,0   1,0   1,8   4,1   05:33   SSE
 9   3,1   3,5   03:31   1,8   10:38  15,2   0,0   5,6   1,3   5,6   09:48   SSE
10   4,9   7,0   22:44   3,4   00:35  13,4   0,0   0,5   0,7   3,6   20:57     S
11   5,3   7,1   00:03   2,0   07:15  13,0   0,0   3,3   0,6   3,1   04:08   SSW
12   6,2   8,8   16:18   3,4   23:58  12,1   0,0   0,3   1,0   4,1   09:17     S
13   3,9   8,3   15:17   0,2   07:26  14,3   0,0   0,3   0,5   2,6   11:56     W
14   6,0   9,1   15:39   4,3   03:04  12,3   0,0   1,3   1,7   6,1   08:08   WNW
15   5,4   6,8   00:20   3,2   23:17  12,9   0,0  24,6   1,7   6,1   12:57     S
16   4,7   5,7   18:16   3,3   00:00  13,6   0,0   9,9   2,0   4,6   07:52   WNW
17   5,5   6,5   14:13   4,7   06:20  12,8   0,0   0,5   0,6   3,6   18:08   SSW
18   5,6   6,9   14:41   3,9   08:40  12,7   0,0   0,5   0,8   4,6   23:43     W
----------------------------------------------------------------------------------
     4,0  11,9     1    -5,2     6   257,1   0,0  57,2   1,3   9,2     2     WSW

Max >=  27,0:  0
Max <=   0,0:  0
Min <=   0,0:  4
Min <= -18,0:  0
Max Rain: 24,6 on day 15
Days of Rain: 16 (>= 0,2 mm)  6 (>= 2,0 mm)  1 (>= 20,0 mm)
Heat Base: 18,3  Cool Base: 18,3  Method: Integration
:now::gauges::today::yesterday::this month::this year::noaa::records::monthly records::trends: