Midtre Skiakersgutua Weather Station

 Latitude N 60° 21' 23"    Longitude E 10° 28' 20"    Elevation 275 m

Records began on 20 desember 2012

NOAA Style Reports for Midtre Skiakersgutua


Report for 2013 Sep
                   Monthly Climatological Summary for sep 2013

Name: Molinna Weather Station   City: Gran   State: 
Elevation: 275 m  Lat: N 60 21' 23"   Lon: E 010 28' 20"

                  Temperature (C), Rain (mm), Wind Speed (m/s)

                                      Heat  Cool        Avg
    Mean                              Deg   Deg         Wind                 Dom
Day Temp  High   Time   Low    Time   Days  Days  Rain  Speed High   Time    Dir
----------------------------------------------------------------------------------
 1  10,0  17,1   15:31   1,7   06:53   8,3   0,0   0,0   1,2   4,8   12:23     W
 2  12,6  23,3   16:40   4,6   06:07   6,4   0,7   0,0   0,9   4,4   13:44   NNE
 3  14,6  24,5   17:17   6,4   06:35   4,9   1,2   0,0   0,6   3,4   15:35   WSW
 4  15,1  23,4   16:16   8,3   02:51   4,1   0,8   0,0   0,9   4,4   16:29   WSW
 5  14,5  21,1   12:41   8,6   01:42   3,9   0,1   0,0   1,2   6,1   12:55   SSW
 6  15,3  21,2   12:29  11,2   23:10   3,1   0,1   0,3   0,9   4,8   06:54     S
 7  14,9  23,0   17:27   8,0   05:59   4,1   0,8   0,0   0,6   3,1   16:24   WNW
 8  15,1  23,4   12:44   7,7   05:59   4,2   1,0   0,0   0,7   3,7   14:08     S
 9  13,7  23,0   17:08   7,4   04:14   5,2   0,6   0,0   0,6   4,1   15:29   ESE
10  12,7  20,1   16:35   6,1   06:19   5,6   0,0   0,0   0,8   5,4   11:43   NNE
11  12,9  20,9   17:19   6,5   05:56   5,5   0,1   0,0   0,5   3,4   12:33    NW
12  12,7  21,8   16:44   7,6   01:42   6,0   0,3   0,0   0,6   4,4   15:30   WSW
13  12,3  21,7   16:14   5,8   06:06   6,3   0,4   0,0   0,9   4,8   13:57   WSW
14  13,3  17,3   14:36   8,3   02:27   5,0   0,0   0,0   0,9   4,1   11:23     S
15  12,8  14,7   17:50  10,7   23:12   5,5   0,0   3,0   1,5   7,1   20:33     S
16   9,5  11,1   00:27   6,4   20:16   8,8   0,0  11,1   1,9   6,1   00:20     S
17   8,5  11,6   14:49   5,6   03:25   9,8   0,0   2,4   1,7   4,8   18:52     S
18   9,6  14,5   16:58   6,8   06:58   8,7   0,0   0,9   0,7   3,4   13:23   SSW
19   9,4  19,4   16:34   3,4   23:50   8,9   0,0   0,3   0,5   3,1   16:52   WSW
20   8,1  19,0   16:10   2,0   01:34  10,2   0,0   0,3   0,6   2,4   08:55    NW
21   9,3  15,9   16:47   2,6   01:45   9,0   0,0   0,0   1,0   5,4   16:37   WSW
22  11,0  21,3   16:15   5,2   23:58   7,4   0,1   0,0   0,7   4,4   12:17   WSW
23   8,5  18,2   12:41   1,8   23:59   9,8   0,0   0,0   0,7   4,1   16:20     N
24   5,3  15,9   16:35  -1,0   06:16  13,1   0,0   0,0   0,7   5,4   12:56   NNE
25   5,2   9,4   15:31   1,4   00:00  13,0   0,0   0,0   0,4   3,4   13:21   SSE
26   3,7  13,7   16:54  -2,8   23:27  14,6   0,0   1,2   0,6   5,1   12:51     N
27   3,1  15,4   16:27  -4,6   07:08  15,2   0,0   0,0   0,6   4,1   13:56   NNW
28   5,3  13,6   12:15  -0,2   00:00  13,0   0,0   0,0   0,3   2,7   12:16   NNE
29   5,8  12,8   17:18  -0,2   00:07  12,5   0,0   0,0   0,7   4,4   15:34    SW
30   5,3  16,2   17:13  -0,8   01:40  13,0   0,0   0,0   0,3   2,7   14:41   NNW
----------------------------------------------------------------------------------
    10,3  24,5     3    -4,6    27   245,1   6,2  19,5   0,8   7,1    15      SW

Max >=  27,0:  0
Max <=   0,0:  0
Min <=   0,0:  6
Min <= -18,0:  0
Max Rain: 11,1 on day 16
Days of Rain: 8 (>= 0,2 mm)  3 (>= 2,0 mm)  0 (>= 20,0 mm)
Heat Base: 18,3  Cool Base: 18,3  Method: Integration
:now::gauges::today::yesterday::this month::this year::noaa::records::monthly records::trends: