Midtre Skiakersgutua Weather Station

 Latitude N 60° 21' 23"    Longitude E 10° 28' 20"    Elevation 275 m

Records began on 20 desember 2012

NOAA Style Reports for Midtre Skiakersgutua


Report for 2014 Jan
                   Monthly Climatological Summary for jan 2014

Name: Molinna Weather Station   City: Gran   State: 
Elevation: 275 m  Lat: N 60 21' 23"   Lon: E 010 28' 20"

                  Temperature (C), Rain (mm), Wind Speed (m/s)

                                      Heat  Cool        Avg
    Mean                              Deg   Deg         Wind                 Dom
Day Temp  High   Time   Low    Time   Days  Days  Rain  Speed High   Time    Dir
----------------------------------------------------------------------------------
 1   2,4   3,8   04:29   1,0   17:59  15,9   0,0   1,2   1,6   5,8   16:52     S
 2   1,3   2,1   11:52   0,8   15:48  17,0   0,0   2,1   1,7   5,4   12:56     S
 3   2,1   4,0   23:58   1,0   06:42  16,2   0,0   4,8   2,0   7,1   17:33     S
 4   3,1   4,5   00:20   1,3   08:25  15,2   0,0   4,2   1,0   6,5   00:16     S
 5   2,5   3,7   05:45   1,5   23:13  15,8   0,0   0,3   0,9   5,4   09:24   SSE
 6   1,3   2,3   09:57   0,6   19:33  17,0   0,0   3,6   1,3   7,5   09:57     S
 7   5,6   7,4   13:17   1,0   00:34  12,7   0,0   1,2   2,8   8,8   10:21     S
 8   2,1   5,6   12:53  -1,2   21:10  16,2   0,0   0,0   0,3   2,4   03:16     S
 9  -1,3   0,0   00:00  -2,4   10:51  19,6   0,0   0,0   0,9   4,8   23:35    NE
10  -1,8  -0,6   12:07  -3,7   16:26  20,1   0,0   0,0   0,7   4,4   00:18   NNE
11  -5,0  -2,1   00:00  -7,4   22:59  23,3   0,0   0,0   0,9   3,1   09:24   NNW
12 -12,3  -6,4   12:27 -18,2   21:28  30,6   0,0   0,0   0,7   4,4   15:54   NNE
13 -13,2 -11,6   23:36 -17,1   07:57  31,5   0,0   0,0   0,4   2,4   21:47     N
14  -9,8  -8,2   22:45 -12,1   08:10  28,1   0,0   0,0   0,5   1,7   11:59     N
15  -7,5  -5,7   12:53  -9,1   01:19  25,8   0,0   0,0   0,2   1,7   22:07   NNE
16  -6,2  -4,7   13:44  -7,3   01:37  24,5   0,0   0,0   0,1   2,0   00:09     E
17  -6,9  -5,6   03:11  -8,8   22:20  25,2   0,0   0,0   0,6   5,1   19:22    NE
18  -7,7  -5,9   14:07  -8,9   00:21  26,0   0,0   0,0   0,5   2,4   17:16   NNE
19  -6,4  -5,0   12:36  -7,8   06:58  24,7   0,0   0,0   0,7   4,4   10:19    NE
20  -6,5  -5,0   12:24  -8,2   21:20  24,8   0,0   0,0   0,7   3,4   08:24    NE
21  -7,7  -5,4   13:40 -10,2   19:36  26,0   0,0   0,0   0,5   2,7   00:00    NE
22 -11,2  -7,8   13:52 -15,4   08:08  29,5   0,0   0,0   0,1   1,4   13:56   NNE
23  -9,3  -6,8   12:50 -10,8   23:58  27,6   0,0   0,0   0,8   4,1   17:15   SSE
24  -9,0  -7,0   14:07 -12,3   00:22  27,3   0,0   0,0   0,3   2,7   23:54   ESE
25  -6,9  -5,5   12:47  -8,3   06:27  25,2   0,0   0,0   2,2   6,5   10:48     S
26  -7,5  -6,4   00:00  -8,6   17:14  25,8   0,0   0,0   1,0   5,8   00:48     S
27  -4,7  -3,5   23:27  -6,8   00:00  23,0   0,0   0,0   1,3   5,4   14:50   ESE
28  -2,8  -1,7   13:38  -3,5   00:00  21,1   0,0   0,0   0,9   4,1   16:38     E
29  -4,7  -1,9   02:45  -8,8   08:08  23,0   0,0   0,0   1,4   5,8   01:23   ENE
30  -7,0  -5,5   19:07  -8,4   08:11  25,3   0,0   0,0   0,9   4,1   01:08   NNE
31  -5,6  -3,3   12:27  -8,1   05:30  23,9   0,0   0,0   0,4   3,1   11:24   ENE
----------------------------------------------------------------------------------
    -4,5   7,4     7   -18,2    12   707,9   0,0  17,4   0,9   8,8     7      SE

Max >=  27,0:  0
Max <=   0,0: 23
Min <=   0,0: 24
Min <= -18,0:  1
Max Rain: 4,8 on day 3
Days of Rain: 7 (>= 0,2 mm)  4 (>= 2,0 mm)  0 (>= 20,0 mm)
Heat Base: 18,3  Cool Base: 18,3  Method: Integration
:now::gauges::today::yesterday::this month::this year::noaa::records::monthly records::trends: