Midtre Skiakersgutua Weather Station

 Latitude N 60° 21' 23"    Longitude E 10° 28' 20"    Elevation 275 m

Records began on 20 desember 2012

NOAA Style Reports for Midtre Skiakersgutua


Report for 2016 May
                   Monthly Climatological Summary for mai 2016

Name: Skiakersgutua Weather Station   City: Gran   State: 
Elevation: 235 m  Lat: N 60 21' 54"   Lon: E 010 33' 13"

                  Temperature (C), Rain (mm), Wind Speed (m/s)

                                      Heat  Cool        Avg
    Mean                              Deg   Deg         Wind                 Dom
Day Temp  High   Time   Low    Time   Days  Days  Rain  Speed High   Time    Dir
----------------------------------------------------------------------------------
 1   5,7  12,4   15:36   0,9   00:10  12,6   0,0   0,9   2,2   6,5   13:45     S
 2   6,6  10,6   15:07   3,7   02:10  11,7   0,0   0,0   5,2  12,2   13:24     S
 3   7,6  12,9   19:43   3,3   23:36  10,7   0,0   1,5   3,8  12,6   16:37     S
 4   8,5  18,9   16:53  -1,4   05:05   9,8   0,0   0,0   1,6   7,5   16:55    NW
 5  10,1  18,3   15:27   1,8   02:05   8,2   0,0   0,0   3,2  10,5   17:45     S
 6  12,5  21,1   16:43   5,4   06:10   6,0   0,2   0,0   2,7   8,2   17:19     S
 7  12,5  23,4   13:56   2,8   04:37   6,7   0,9   0,0   1,8   9,9   14:35     S
 8  15,9  27,6   18:47   4,2   05:17   4,7   2,3   0,0   1,6   6,8   12:51     W
 9  16,7  28,6   18:48   4,7   05:12   4,0   2,4   0,0   1,5   5,8   14:22   NNW
10  15,9  27,4   15:21   4,5   05:50   4,2   1,8   0,0   2,2   8,5   23:05     N
11  14,2  24,2   17:23   5,1   05:36   5,1   1,0   0,0   2,2   5,8   01:44   WNW
12  15,6  24,0   15:18   5,8   05:05   3,9   1,1   0,0   2,4   8,5   15:41   WNW
13   8,6  13,4   13:26   4,9   06:40   9,7   0,0   0,0   4,8  11,9   04:38     N
14   8,0  13,2   13:33   2,7   05:25  10,3   0,0   0,0   5,6  12,9   03:39     N
15   8,9  13,5   15:33   4,2   05:20   9,4   0,0   0,0   6,0  11,9   08:47     N
16  11,0  22,0   18:43   4,1   05:39   7,5   0,2   0,0   3,4  10,2   04:13   NNW
17  10,6  20,1   17:25   0,1   05:33   7,8   0,0   0,0   2,3   8,5   07:58   NNW
18  11,3  19,4   16:14   3,8   04:34   7,0   0,0   0,0   2,1   7,8   19:12     S
19  12,8  19,6   16:28   9,2   04:44   5,5   0,0   1,2   3,0   9,9   19:42     S
20  11,3  13,9   18:26   8,4   23:57   7,0   0,0   1,8   4,5  10,5   13:38     S
21  11,4  20,9   14:29   4,7   05:05   6,9   0,1   0,3   2,6   9,2   18:37     S
22  12,8  15,3   13:57  10,3   00:00   5,5   0,0  13,5   3,1   8,5   13:34     S
23  12,8  14,2   06:50  11,2   23:10   5,5   0,0  30,6   2,2   7,5   20:08    NW
24  10,7  14,5   19:26   7,7   09:37   7,6   0,0   0,6   5,0  10,2   08:15   NNW
25  12,2  18,8   18:01   6,3   02:38   6,1   0,0   0,0   5,0  10,2   18:18     N
26  13,0  20,6   18:32   4,6   05:16   5,5   0,2   0,0   3,0   9,2   16:44   NNW
27  15,3  23,3   16:35   9,2   05:33   3,6   0,6   0,0   2,8   9,5   20:17   NNE
28  12,9  18,0   15:48   9,6   03:19   5,4   0,0   0,9   2,1   8,8   14:49     S
29  12,7  14,6   12:26  10,8   02:09   5,6   0,0   1,2   1,5   5,4   12:01   WSW
30  16,1  25,5   16:59  12,0   02:40   3,4   1,1   2,1   1,5   6,1   15:58   WNW
31  19,5  33,0   18:56  11,2   01:48   2,0   3,3   0,0   1,7   6,8   13:28    NW
----------------------------------------------------------------------------------
    12,1  33,0    31    -1,4     4   208,9  15,2  54,6   3,0  12,9    14     WNW

Max >=  27,0:  4
Max <=   0,0:  0
Min <=   0,0:  1
Min <= -18,0:  0
Max Rain: 30,6 on day 23
Days of Rain: 11 (>= 0,2 mm)  3 (>= 2,0 mm)  1 (>= 20,0 mm)
Heat Base: 18,3  Cool Base: 18,3  Method: Integration
:now::gauges::today::yesterday::this month::this year::noaa::records::monthly records::trends: