Midtre Skiakersgutua Weather Station

 Latitude N 60° 21' 23"    Longitude E 10° 28' 20"    Elevation 275 m

Records began on 20 desember 2012

NOAA Style Reports for Midtre Skiakersgutua


Report for 2016 Nov
                   Monthly Climatological Summary for nov 2016

Name: Skiakersgutua Weather Station   City: Gran   State: 
Elevation: 235 m  Lat: N 60 21' 54"   Lon: E 010 33' 13"

                  Temperature (C), Rain (mm), Wind Speed (m/s)

                                      Heat  Cool        Avg
    Mean                              Deg   Deg         Wind                 Dom
Day Temp  High   Time   Low    Time   Days  Days  Rain  Speed High   Time    Dir
----------------------------------------------------------------------------------
 1   2,7   4,0   00:00   1,7   18:09  15,6   0,0   2,7   4,3  10,5   15:20   NNW
 2   1,2   4,5   12:20  -4,9   23:57  17,1   0,0   0,3   4,0  10,2   09:11   NNW
 3  -3,9   4,3   13:09  -6,3   04:35  22,2   0,0   0,0   0,6   2,0   07:44     S
 4  -1,5   0,1   15:34  -3,6   00:00  19,8   0,0   0,0   1,7   6,8   22:11     S
 5  -1,1  -0,3   20:12  -2,7   23:53  19,4   0,0   1,8   4,7  16,3   10:46   SSE
 6  -3,9  -2,6   00:53  -6,0   22:59  22,2   0,0   0,0   4,9  11,6   04:41     N
 7  -7,5  -5,8   12:42  -9,7   08:06  25,8   0,0   0,0   4,5  10,2   13:11   NNW
 8  -6,1  -4,9   12:16  -8,2   00:00  24,4   0,0   0,0   4,7  11,2   17:48   NNW
 9  -5,8  -3,5   14:09  -9,6   23:58  24,1   0,0   0,0   3,6   9,5   03:58     N
10  -6,8  -3,1   14:11 -12,1   03:18  25,1   0,0   0,0   0,9   3,4   19:52    SW
11 -10,2  -6,8   13:32 -13,9   23:38  28,5   0,0   0,0   0,9  24,0   20:05     S
12  -8,8  -3,0   23:54 -14,8   08:59  27,0   0,0   0,0   0,5   1,4   00:41     S
13  -0,4   1,9   11:28  -3,0   00:00  18,7   0,0   0,3   0,3   2,0   10:12     S
14   2,1   4,3   16:34   0,0   02:27  16,2   0,0   8,1   1,7   6,1   06:53   SSW
15   2,1   6,2   12:45  -1,5   21:30  16,2   0,0   1,5   1,2   4,8   08:02   SSW
16   2,1   4,5   19:09  -0,6   00:07  16,2   0,0   7,5   2,4   8,8   09:45     S
17   0,5   4,9   10:34  -1,6   07:08  17,8   0,0   0,3   1,8   6,5   09:58   SSW
18   1,6   3,2   13:50  -1,2   22:42  16,7   0,0   2,7   2,7  11,2   06:51     S
19  -0,1   4,0   10:57  -2,7   05:02  18,4   0,0   1,5   1,6   7,8   22:56   SSW
20   1,4   2,3   18:24  -0,9   09:19  16,9   0,0   1,8   2,3   9,2   20:11     S
21   0,9   2,7   12:08  -0,5   18:47  17,4   0,0   1,8   1,4   5,1   01:12   WSW
22   1,2   5,0   23:41   0,3   01:13  17,1   0,0   1,5   1,2   5,1   05:48    NW
23   5,6   8,3   10:02   1,8   23:59  12,7   0,0   0,3   2,7  15,0   21:08   WSW
24  -1,9   1,9   00:05  -4,3   22:36  20,2   0,0   0,0   0,6   2,4   00:39   WSW
25   3,8  10,0   21:19  -3,8   00:31  14,5   0,0   0,0   1,6  11,2   23:41    SW
26   6,1   9,8   00:30   1,2   22:22  12,2   0,0   0,3   4,5  17,0   11:41   NNW
27   1,2   4,2   00:00  -4,2   23:31  17,1   0,0   0,0   5,4  16,7   12:21   NNW
28  -4,3   0,1   00:07  -7,0   07:45  22,6   0,0   0,0   1,0   5,1   00:09   WSW
29  -4,4  -0,5   19:53  -7,3   06:52  22,7   0,0   0,0   0,9   4,4   16:18   WSW
30  -5,6  -2,2   00:58  -8,6   23:58  23,9   0,0   0,0   0,7   2,7   00:49   WSW
----------------------------------------------------------------------------------
    -1,3  10,0    25   -14,8    12   588,7   0,0  32,4   2,3  24,0    11     WNW

Max >=  27,0:  0
Max <=   0,0: 10
Min <=   0,0: 26
Min <= -18,0:  0
Max Rain: 8,1 on day 14
Days of Rain: 15 (>= 0,2 mm)  4 (>= 2,0 mm)  0 (>= 20,0 mm)
Heat Base: 18,3  Cool Base: 18,3  Method: Integration
:now::gauges::today::yesterday::this month::this year::noaa::records::monthly records::trends: