Midtre Skiakersgutua Weather Station

 Latitude N 60° 21' 23"    Longitude E 10° 28' 20"    Elevation 275 m

Records began on 20 desember 2012

NOAA Style Reports for Midtre Skiakersgutua


Report for 2017 Apr
                   Monthly Climatological Summary for apr 2017

Name: Skiakersgutua Weather Station   City: Gran   State: 
Elevation: 235 m  Lat: N 60 21' 54"   Lon: E 010 33' 13"

                  Temperature (C), Rain (mm), Wind Speed (m/s)

                                      Heat  Cool        Avg
    Mean                              Deg   Deg         Wind                 Dom
Day Temp  High   Time   Low    Time   Days  Days  Rain  Speed High   Time    Dir
----------------------------------------------------------------------------------
 1   7,7  17,3   17:13   1,9   00:26  10,6   0,0   1,2   2,3   8,8   14:08     S
 2   7,9  16,3   16:26   0,5   06:26  10,4   0,0   0,0   1,4   7,1   17:01   NNW
 3   7,0  17,9   14:57  -2,3   07:05  11,3   0,0   0,0   2,6   9,9   20:30     S
 4   6,9  14,0   16:28   2,6   22:58  11,4   0,0   0,0   4,1  11,2   12:02     S
 5   6,3  10,2   10:38   1,2   06:38  12,0   0,0   0,0   6,4  20,7   15:59   NNW
 6   5,1  15,6   17:43  -2,4   03:09  13,2   0,0   0,0   1,8   8,5   14:18     S
 7   8,1  18,1   15:21  -0,6   06:53  10,2   0,0   0,0   2,0   7,8   16:05   NNW
 8   7,4  15,3   12:30   0,7   05:57  10,9   0,0   0,0   1,5   7,8   12:43   WNW
 9   7,3  18,3   16:54  -0,7   05:22  11,0   0,0   0,0   3,2   9,9   19:28     S
10   7,9  12,7   14:17   3,2   23:53  10,4   0,0   0,0   6,2  16,7   17:14   NNW
11   4,9  12,6   14:34  -2,2   05:58  13,4   0,0   0,0   3,2  11,9   11:56   NNW
12   4,3  10,2   14:44   0,2   05:28  14,0   0,0   0,3   2,2   6,5   23:23   NNE
13   2,5   4,4   14:01   1,1   18:37  15,8   0,0   3,3   3,0   9,5   12:40     S
14   0,8   9,0   17:37  -2,9   23:13  17,5   0,0   0,0   4,2  11,6   06:05     N
15  -0,3   6,2   17:56  -4,4   06:13  18,6   0,0   0,0   2,2   6,1   15:19     S
16   0,5   5,5   15:53  -3,6   05:42  17,8   0,0   0,0   2,9   7,5   13:48     S
17   1,9   8,3   15:09  -2,3   23:54  16,4   0,0   0,0   3,2   7,1   12:44   SSE
18   1,6   9,6   13:42  -4,5   06:08  16,7   0,0   0,0   1,8   8,5   16:08   NNW
19   3,2  12,3   17:18  -5,9   06:05  15,1   0,0   0,0   1,5   7,5   16:33     W
20   7,3  16,7   17:53   0,0   02:11  11,0   0,0   0,0   3,3   9,5   14:27   SSW
21   7,0  11,6   12:39   1,8   23:36  11,3   0,0   0,0   5,9  22,1   13:49   NNW
22   4,9   9,7   17:36  -1,5   23:56  13,4   0,0   0,0   6,7  18,0   11:30     N
23   2,7   8,7   18:13  -4,5   05:15  15,6   0,0   0,0   3,1  12,9   14:21     N
24   0,5   2,7   14:21  -0,5   21:42  17,8   0,0   1,8   4,5  12,6   20:37     N
25   1,7   6,2   18:04  -1,3   05:28  16,6   0,0   0,6   6,9  15,0   18:05     N
26   2,6   9,1   16:53  -3,7   06:01  15,7   0,0   0,0   2,9  10,5   13:33   NNW
27   2,0  13,3   17:21  -4,5   03:29  16,3   0,0   0,0   1,3   6,5   18:46   SSW
28   2,6   7,9   12:52  -3,6   02:57  15,7   0,0   1,2   3,4  10,9   15:09     E
29   5,2  14,0   15:09  -0,2   23:54  13,1   0,0   0,0   3,0   8,2   00:22     N
30   6,3  15,9   15:58  -3,3   04:47  12,0   0,0   0,0   1,9   8,8   13:13    SW
----------------------------------------------------------------------------------
     4,5  18,3     9    -5,9    19   415,2   0,0   8,4   3,3  22,1    21     NNW

Max >=  27,0:  0
Max <=   0,0:  0
Min <=   0,0: 21
Min <= -18,0:  0
Max Rain: 3,3 on day 13
Days of Rain: 6 (>= 0,2 mm)  1 (>= 2,0 mm)  0 (>= 20,0 mm)
Heat Base: 18,3  Cool Base: 18,3  Method: Integration
:now::gauges::today::yesterday::this month::this year::noaa::records::monthly records::trends: