Midtre Skiakersgutua Weather Station

 Latitude N 60° 21' 23"    Longitude E 10° 28' 20"    Elevation 275 m

Records began on 20 desember 2012

NOAA Style Reports for Midtre Skiakersgutua


Report for 2017 Jul
                   Monthly Climatological Summary for jul 2017

Name: Skiakersgutua Weather Station   City: Gran   State: 
Elevation: 235 m  Lat: N 60 21' 54"   Lon: E 010 33' 13"

                  Temperature (C), Rain (mm), Wind Speed (m/s)

                                      Heat  Cool        Avg
    Mean                              Deg   Deg         Wind                 Dom
Day Temp  High   Time   Low    Time   Days  Days  Rain  Speed High   Time    Dir
----------------------------------------------------------------------------------
 1  19,9  32,5   18:59   7,4   05:14   2,0   3,6   0,0   1,6   6,8   11:08   NNW
 2  15,5  25,3   17:15  15,1   02:50   2,9   0,0   0,0   2,3  11,1   22:15     S
 3  14,8  18,3   17:33  11,5   06:35   3,5   0,0   0,6   3,6   9,5   17:42     N
 4  15,1  21,9   15:51  10,9   06:12   3,5   0,3   0,0   4,0   9,9   13:23   NNW
 5  15,3  25,7   19:31  10,2   03:09   3,6   0,6   0,0   2,5   7,8   15:15   NNW
 6  16,5  24,1   13:27   8,5   05:20   3,2   1,4   0,0   3,1   9,2   17:10     S
 7  16,3  26,1   15:24   9,7   03:54   3,1   1,1   0,0   2,3   7,1   15:36     S
 8  16,9  26,2   19:37  13,0   03:36   2,4   1,0  16,5   1,5   5,4   13:10   SSW
 9  16,3  25,0   14:02  11,5   04:43   2,9   0,8   0,3   1,8   7,1   16:37   SSW
10  16,0  21,4   13:14  12,3   02:36   2,6   0,2   0,6   2,3   7,8   10:04     S
11  15,7  21,9   13:30  13,1   02:37   2,9   0,2   8,1   2,0   7,8   17:33     S
12  12,8  17,7   15:39   6,0   22:50   5,5   0,0   1,8   3,9  14,3   14:53   NNW
13  14,1  21,7   20:05   4,0   05:23   4,7   0,5   0,3   1,4   6,5   14:13   NNW
14  15,9  27,5   18:47   6,6   04:47   4,0   1,7   0,0   1,6   4,8   11:09   SSW
15  16,9  27,1   13:09   8,7   02:44   3,2   1,8   0,0   2,7  11,2   19:28     S
16  16,4  25,5   16:17  11,9   05:54   2,9   1,0  12,0   3,5   8,5   18:44   SSW
17  13,9  20,1   14:43   6,3   04:35   4,5   0,1   0,0   2,5   9,5   21:37    NW
18  16,0  25,6   19:10   6,1   04:51   3,5   1,3   0,0   1,7   6,5   13:53   NNW
19  17,3  28,7   18:51   9,0   04:36   2,8   1,8   0,0   1,5   4,8   00:39    SW
20  19,3  29,2   15:09   8,6   03:47   2,6   3,6   0,0   1,2   6,5   14:44     S
21  17,6  25,0   12:03  10,3   04:58   2,2   1,5   0,0   1,8   7,8   17:03    SW
22  18,0  24,6   15:15  12,4   23:53   2,0   1,7   0,0   1,4   6,5   14:04    SW
23  18,9  30,0   15:00   9,8   04:17   2,3   2,9   0,0   2,0   9,2   23:31     S
24  17,3  24,2   15:09  13,2   06:56   1,7   0,7   6,6   2,7   9,2   00:09     S
25  18,4  28,4   17:47  10,0   04:58   2,0   2,1   0,0   1,7   8,2   11:23     E
26  17,2  22,1   17:47  13,9   04:20   1,6   0,5   1,2   1,0   4,8   12:01    NW
27  17,1  23,2   12:46  12,9   01:41   1,8   0,6   0,6   2,4   8,2   14:10     S
28  17,2  23,1   13:01  12,1   23:44   2,3   1,1   6,9   3,2   9,2   15:44     S
29  15,8  24,5   18:06   9,3   03:51   3,1   0,6   2,4   2,2   7,8   11:42     S
30  15,7  23,0   14:45  12,5   04:12   3,0   0,4   4,5   1,6   7,1   16:25     S
31  17,2  24,6   15:38  12,9   06:21   2,0   0,9   0,3   4,2  10,9   18:20     S
----------------------------------------------------------------------------------
    16,5  32,5     1     4,0    13    90,3  34,0  62,7   2,3  14,3    12     SSW

Max >=  27,0:  7
Max <=   0,0:  0
Min <=   0,0:  0
Min <= -18,0:  0
Max Rain: 16,5 on day 8
Days of Rain: 15 (>= 0,2 mm)  7 (>= 2,0 mm)  0 (>= 20,0 mm)
Heat Base: 18,3  Cool Base: 18,3  Method: Integration
:now::gauges::today::yesterday::this month::this year::noaa::records::monthly records::trends: