Midtre Skiakersgutua Weather Station

 Latitude N 60° 21' 23"    Longitude E 10° 28' 20"    Elevation 275 m

Records began on 20 desember 2012

NOAA Style Reports for Midtre Skiakersgutua

Select a Year or Month report
V/Λ2019 > Jan Feb Mar Apr May Jun Jul Aug Sep Oct Nov Dec V/Λ2018 > Jan Feb Mar Apr May Jun Jul Aug Sep Oct Nov Dec

Report for 2018
                   Annual Climatological Summary for 2018

Name: Skiakersgutua Weather Station   City: Gran   State: 
Elevation: 235 m  Lat: N 60° 21' 54"   Lon: E 010° 33' 13"

                  Temperature (°C), Heat Base: 18,3  Cool Base: 18,3
                          Dep.  Heat  Cool                       Max  Max  Min  Min
        Mean  Mean        From  Deg   Deg                        >=   <=   <=   <=
 YR MO  Max   Min   Mean  Norm  Days  Days  Hi  Date  Low  Date 27,0  0,0  0,0 -18,0
------------------------------------------------------------------------------------
 18  1  -1,9  -8,4  -5,0   0.0   722     0   5,3  25 -21,3    7    0   22   30    4
 18  2  -2,3 -10,3  -6,3   0.0   687     0   3,4   1 -23,1   26    0   19   28    4
 18  3   4,0 -11,6  -4,9   0.0   718     0  12,7  25 -25,5    1    0    8   30    4
 18  4  12,0  -1,9   4,5   0.0   413     0  21,5  15 -15,1    2    0    0   17    0
 18  5  21,5   7,3  14,8   0.0   143    40  29,0  30  -1,9    4    2    0    1    0
 18  6  22,0  10,0  16,4   0.0   100    42  29,4   3   5,6   24    7    0    0    0
 18  7  27,6  13,3  20,8   0.0    30   108  31,7  27   7,0    1   22    0    0    0
 18  8  19,6   9,4  14,6   0.0   126    12  26,4   1   3,0   25    0    0    0    0
 18  9  15,4   5,9  10,9   0.0   224     1  21,7   3  -2,8   25    0    0    4    0
 18 10   9,6   1,3   5,5   0.0   389     0  18,7  10  -6,0   28    0    0   16    0
 18 11   3,3  -1,1   1,3   0.0   510     0  10,1  15 -12,7   27    0    9   14    0
 18 12  -1,4  -7,2  -4,1   0.0   694     0   5,7   1 -14,7   14    0   22   30    0
------------------------------------------------------------------------------------
        10,8   0,5   5,7   0.0  4761   205  31,7 jul -25,5  mar   31   80  170   12

                                Precipitation (mm)

              Dep.   Max        Days of Rain
              From   Obs.           >=
 YR MO Total  Norm   Day Date  0,2  2,0 20,0
---------------------------------------------
 18  1  21,3   0.0  15,3  15     4    2    0
 18  2   1,2   0.0   0,6   1     3    0    0
 18  3   1,5   0.0   0,6   8     4    0    0
 18  4  25,8   0.0   7,2   9     8    5    0
 18  5  19,2   0.0   8,1  11     6    4    0
 18  6  31,3   0.0  11,2  11     7    3    0
 18  7  43,4   0.0  18,8  29     6    4    0
 18  8  64,8   0.0  20,8  10    11    8    1
 18  9 114,8   0.0  35,3  10     9    7    1
 18 10  42,2   0.0  17,8  30     7    6    0
 18 11  38,1   0.0  11,9  11    15    6    0
 18 12  32,3   0.0   8,9   3     7    5    0
---------------------------------------------
       435,9   0.0  35,3  sep   87   50    2

                                Wind Speed (m/s)
                          Dom
 YR MO   Avg.  Hi   Date  Dir
------------------------------
 18  1   1,8  18,4   15     S
 18  2   2,8  13,6   15     S
 18  3   1,6  15,6   19     W
 18  4   1,6  12,9    6    SW
 18  5   2,0  13,8   16    SE
 18  6   2,4  17,9   22   NNW
 18  7   2,1  13,3   13    SE
 18  8   1,9  16,8   10   SSE
 18  9   2,1  20,4   21   SSE
 18 10   1,9  16,8   23   SSE
 18 11   1,5  11,2   29   SSE
 18 12   1,0  13,3   10   SSE
------------------------------
         1,9  20,4  sep     S
:now::gauges::today::yesterday::this month::this year::noaa::records::monthly records::trends: