Midtre Skiakersgutua Weather Station

 Latitude N 60° 21' 23"    Longitude E 10° 28' 20"    Elevation 275 m

Records began on 20 desember 2012

NOAA Style Reports for Midtre Skiakersgutua

Select a Year or Month report

Report for 2018 Apr
                   Monthly Climatological Summary for apr 2018

Name: Skiakersgutua Weather Station   City: Gran   State: 
Elevation: 235 m  Lat: N 60° 21' 54"   Lon: E 010° 33' 13"

                  Temperature (°C), Rain (mm), Wind Speed (m/s)

                                      Heat  Cool        Avg
    Mean                              Deg   Deg         Wind                 Dom
Day Temp  High   Time   Low    Time   Days  Days  Rain  Speed High   Time    Dir
----------------------------------------------------------------------------------
 1  -4,3   8,3   14:21 -14,2   07:01  22,6   0,0   0,0   1,4   4,4   15:23     W
 2  -3,7  10,4   15:21 -15,1   06:53  22,0   0,0   0,0   0,9   3,7   16:28   SSW
 3  -4,1   4,3   15:56 -12,8   06:01  22,4   0,0   0,0   1,4   8,2   18:22     S
 4   1,7  10,7   18:05  -2,2   04:16  16,6   0,0   2,1   1,8   6,1   23:48     E
 5   2,1   5,1   16:13   0,5   23:28  16,2   0,0   4,5   2,2   9,5   01:22    NW
 6   2,9  11,5   16:57  -1,7   23:51  15,4   0,0   0,0   4,1  12,9   10:50     N
 7   1,8   5,2   16:57  -2,8   05:36  16,4   0,0   0,0   2,7  11,2   14:16     S
 8   1,6   4,5   13:50  -0,4   01:22  16,6   0,0   6,9   0,8   4,4   10:37   NNW
 9   2,0   3,5   14:34   1,0   04:12  16,3   0,0   7,2   2,1   8,8   19:10    NW
10   5,1  13,6   17:09  -1,7   23:52  13,1   0,0   0,0   1,8   5,4   12:07   SSW
11   2,2  11,7   17:40  -4,7   05:36  16,1   0,0   0,0   1,1   3,4   15:42   NNW
12   3,7  17,6   13:44  -7,6   06:33  14,6   0,0   0,0   1,2   5,4   18:33    SW
13   4,4  14,7   12:36  -5,0   05:59  13,9   0,0   0,0   1,6   5,1   14:04     W
14   8,7  21,2   14:37   0,9   00:00   9,7   0,1   0,0   0,8   2,7   02:27    SW
15   8,1  21,5   14:58  -2,2   06:50  10,2   0,1   0,0   0,9   3,7   16:46    SW
16   7,0  15,7   12:37   3,2   05:47  10,9   0,0   0,0   0,6   2,7   13:02   SSW
17   6,4  13,5   16:15   2,3   05:05  11,7   0,0   0,0   1,2   6,1   18:52   SSE
18   9,3  17,1   16:27   3,1   23:45   9,0   0,0   0,3   1,4   4,6   00:03     S
19   8,1  16,7   14:41   0,6   04:43  10,2   0,0   0,0   0,7   4,6   18:38     S
20   8,2  16,3   14:12   0,6   06:38  10,1   0,0   0,0   0,7   4,1   20:49   WSW
21   8,8  13,4   14:53   0,8   06:55   9,5   0,0   0,0   2,5  11,2   12:41    NW
22   6,9  13,4   14:53  -1,5   06:31  11,4   0,0   0,0   1,6   6,6   15:45    SE
23   6,1   8,2   18:43   2,7   11:20  12,2   0,0   2,8   1,6   6,1   07:31   SSE
24   7,4  11,7   17:00   2,0   06:27  10,9   0,0   0,0   1,7   8,7   18:08     S
25   5,5  11,1   14:03  -1,3   05:32  12,8   0,0   0,5   0,9   7,1   11:22     W
26   6,0  13,0   16:19  -1,3   04:54  12,3   0,0   0,0   1,0   4,6   15:40     S
27   6,0  10,6   15:12   1,7   23:59  12,3   0,0   0,0   2,2   7,1   07:16   SSE
28   5,0  11,3   16:40  -0,9   04:54  13,3   0,0   0,0   2,0  10,2   17:16    SE
29   5,5  12,1   14:54  -1,3   04:53  12,8   0,0   0,0   1,3   7,1   11:56   NNW
30   6,6  11,6   15:16   0,3   06:06  11,7   0,0   1,5   2,3   7,7   17:06   NNW
----------------------------------------------------------------------------------
     4,5  21,5    15   -15,1     2   413,2   0,2  25,8   1,6  12,9     6      SW

Max >=  27,0:  0
Max <=   0,0:  0
Min <=   0,0: 17
Min <= -18,0:  0
Max Rain: 7,2 on day 9
Days of Rain: 8 (>= 0,2 mm)  5 (>= 2,0 mm)  0 (>= 20,0 mm)
Heat Base: 18,3  Cool Base: 18,3  Method: Integration
:now::gauges::today::yesterday::this month::this year::noaa::records::monthly records::trends: