Midtre Skiakersgutua Weather Station

 Latitude N 60° 21' 23"    Longitude E 10° 28' 20"    Elevation 275 m

Records began on 20 desember 2012

NOAA Style Reports for Midtre Skiakersgutua

Select a Year or Month report

Report for 2018 May
                   Monthly Climatological Summary for mai 2018

Name: Skiakersgutua Weather Station   City: Gran   State: 
Elevation: 235 m  Lat: N 60° 21' 54"   Lon: E 010° 33' 13"

                  Temperature (°C), Rain (mm), Wind Speed (m/s)

                                      Heat  Cool        Avg
    Mean                              Deg   Deg         Wind                 Dom
Day Temp  High   Time   Low    Time   Days  Days  Rain  Speed High   Time    Dir
----------------------------------------------------------------------------------
 1   3,7   6,5   00:22   2,3   05:47  14,6   0,0   5,3   1,4   8,2   03:36   WNW
 2   5,1  10,0   18:25   3,2   05:58   8,5   0,0   0,0   1,8   8,2   18:29    SE
 3   6,1   9,9   12:29   1,7   23:45  11,7   0,0   1,5   2,4   8,2   10:58    SE
 4   6,1  13,8   16:05  -1,9   04:26  12,2   0,0   0,3   1,5   6,6   15:29   SSE
 5  13,0  20,9   16:46   5,2   06:31   5,5   0,3   0,0   2,5   8,7   18:13    SE
 6  13,5  20,0   15:12   7,0   05:54   4,9   0,1   0,0   2,2   8,2   23:31   SSE
 7  14,0  20,9   17:08   5,3   05:23   4,5   0,2   0,0   2,3   7,1   15:36   SSE
 8  15,0  20,6   15:01   8,4   06:40   3,9   0,5   0,0   3,3  10,7   14:17    SE
 9  15,8  22,1   15:58   6,6   05:24   3,5   1,0   0,0   3,6  11,2   14:56    SE
10  16,9  22,2   15:34  12,1   05:55   2,3   0,9   2,0   4,6  12,8   13:15    SE
11  11,7  15,9   00:00   9,6   23:57   6,6   0,0   8,1   2,6   7,7   01:49    NW
12  12,2  18,4   16:41   7,8   01:32   6,1   0,0   0,0   1,5   5,1   09:01    NW
13  13,9  21,1   18:22   6,1   04:36   4,7   0,4   2,0   1,0   5,6   14:12   ESE
14  17,2  24,9   18:25   8,3   05:25   3,1   2,0   0,0   1,3   7,7   13:21    SE
15  17,3  26,0   18:17   6,5   05:03   3,4   2,4   0,0   1,1   6,1   12:59   SSW
16  16,1  25,7   15:46   7,8   05:33   3,8   1,5   0,0   2,6  13,8   19:39   NNW
17  11,7  16,9   17:54   7,3   07:59   6,6   0,0   0,0   4,3   9,7   10:54   NNW
18  12,9  20,2   18:47   3,4   05:16   5,5   0,1   0,0   1,5   6,6   00:19   WNW
19  14,3  21,8   16:58   4,4   04:57   4,7   0,7   0,0   1,8   8,2   19:06   SSE
20  15,1  22,8   15:26   5,9   05:26   4,1   0,9   0,0   2,7  11,2   17:46    SE
21  16,1  22,7   16:04   7,0   05:33   3,0   0,8   0,0   2,2   9,2   17:52   SSE
22  16,0  24,5   18:28   6,8   05:02   3,8   1,5   0,0   1,2   6,1   14:07    NW
23  17,1  24,5   18:36   7,9   04:40   2,8   1,6   0,0   1,5   5,6   20:00    SW
24  18,5  26,2   16:43   8,0   05:22   2,6   2,8   0,0   1,5   7,1   14:38     S
25  19,6  27,5   18:31   9,1   05:03   2,2   3,5   0,0   1,1   5,6   14:20    NW
26  19,1  26,9   18:40   9,5   05:50   2,1   2,9   0,0   1,6   6,6   09:45    NW
27  19,5  26,6   18:00   9,7   05:31   2,0   3,2   0,0   1,3   6,6   14:00    SE
28  18,7  24,4   15:38  13,8   23:29   1,1   1,5   0,0   2,0   7,1   18:47    SE
29  19,5  26,7   15:19  10,8   05:26   1,8   2,9   0,0   1,0   5,6   14:01   SSE
30  21,6  29,0   16:22  12,5   05:20   1,2   4,5   0,0   1,3   5,1   14:05   SSE
31  21,2  26,9   15:36  12,8   04:43   0,9   3,8   0,0   2,5   7,7   07:52    SE
----------------------------------------------------------------------------------
    14,8  29,0    30    -1,9     4   143,7  40,0  19,2   2,0  13,8    16     SSE

Max >=  27,0:  2
Max <=   0,0:  0
Min <=   0,0:  1
Min <= -18,0:  0
Max Rain: 8,1 on day 11
Days of Rain: 6 (>= 0,2 mm)  4 (>= 2,0 mm)  0 (>= 20,0 mm)
Heat Base: 18,3  Cool Base: 18,3  Method: Integration
:now::gauges::today::yesterday::this month::this year::noaa::records::monthly records::trends: