Midtre Skiakersgutua Weather Station

 Latitude N 60° 21' 23"    Longitude E 10° 28' 20"    Elevation 275 m

Records began on 20 desember 2012

NOAA Style Reports for Midtre Skiakersgutua

Select a Year or Month report

Report for 2018 Jul
                   Monthly Climatological Summary for jul 2018

Name: Skiakersgutua Weather Station   City: Gran   State: 
Elevation: 235 m  Lat: N 60° 21' 54"   Lon: E 010° 33' 13"

                  Temperature (°C), Rain (mm), Wind Speed (m/s)

                                      Heat  Cool        Avg
    Mean                              Deg   Deg         Wind                 Dom
Day Temp  High   Time   Low    Time   Days  Days  Rain  Speed High   Time    Dir
----------------------------------------------------------------------------------
 1  18,3  26,7   18:45   7,0   05:14   2,9   3,0   0,0   1,2   5,6   11:15    SE
 2  21,1  28,7   18:59  12,3   04:51   0,9   3,7   0,0   1,4   6,6   13:52    SE
 3  21,5  29,6   18:57  11,0   04:58   1,3   4,6   0,0   1,3   6,1   14:16    NW
 4  21,6  28,9   17:35  15,0   04:01   0,6   3,9   0,0   1,9   5,6   10:03    NW
 5  21,2  27,2   15:37  15,3   03:07   0,3   3,2   0,0   2,3   6,6   17:21    SE
 6  19,4  24,7   16:54  12,5   04:56   1,1   2,2   0,0   2,5   9,2   13:09   NNW
 7  18,0  21,8   17:23  13,8   05:56   1,2   0,9   0,0   3,8  10,2   14:43   NNW
 8  19,4  28,4   16:47   8,9   04:34   2,2   3,3   0,0   2,1   7,7   17:00    SE
 9  16,1  20,3   00:00  11,2   11:16   2,2   0,1   2,0   4,4  12,2   10:29    NW
10  20,6  26,6   16:31  14,2   06:11   0,8   3,1   0,0   3,1   9,2   03:17    NW
11  21,5  28,9   18:06  13,8   03:52   0,5   3,8   0,0   1,4  10,2   18:56   NNW
12  18,9  26,0   13:13  13,6   04:34   1,1   1,7   0,0   1,0  10,2   16:09   NNW
13  20,3  29,0   16:39  12,8   01:30   1,3   3,3   0,0   1,2  13,3   16:50     N
14  21,1  27,9   15:02  13,2   06:08   0,9   3,6   0,0   2,1   7,7   14:46    SE
15  20,8  28,5   17:12  12,4   05:06   1,5   3,9   0,0   1,7   5,6   18:23    SE
16  21,2  27,8   16:08  12,7   05:35   1,0   3,9   0,0   2,6   8,7   13:32    SE
17  21,4  29,0   17:45  12,8   04:17   1,2   4,3   0,5   1,4   6,1   06:08    NW
18  20,4  24,5   19:57  16,4   04:45   0,2   2,3   0,8   1,0   4,6   03:08   SSW
19  21,2  28,8   17:58  11,3   05:37   1,3   4,2   0,0   1,1   6,1   14:21   WNW
20  21,4  27,6   16:09  14,6   05:30   0,7   3,8   0,0   2,0  10,7   14:53    SE
21  19,6  28,3   16:50   8,4   05:32   2,0   3,3   0,0   1,5   9,2   18:10    SE
22  20,5  27,9   18:13  13,4   05:16   0,9   3,1   0,0   2,1   7,1   20:05    SE
23  21,6  29,3   17:52  12,6   05:09   1,0   4,3   0,0   1,2   5,6   10:13     W
24  23,2  30,0   14:41  14,4   05:48   0,5   5,3   0,0   1,6   8,7   14:45   SSE
25  23,2  28,6   17:12  17,5   05:15   0,0   4,9   0,0   3,2   9,2   14:27    SE
26  22,5  29,8   16:16  13,0   05:45   0,4   4,6   0,0   2,3   7,1   11:40    NW
27  23,9  31,7   17:11  13,2   05:34   0,7   6,2   0,0   1,8   8,2   16:38    SE
28  23,5  28,2   11:59  19,4   20:50   0,0   5,2   6,1   3,5  13,3   21:23   ESE
29  21,6  25,8   16:09  17,5   22:46   0,0   3,3  18,8   3,4  10,2   00:29    SE
30  19,3  25,3   17:07  13,1   02:06   1,2   2,2   0,0   1,7   8,2   15:50    SE
31  20,9  28,6   15:33  15,5   02:40   0,6   3,2  15,2   1,7   7,7   14:15    SE
----------------------------------------------------------------------------------
    20,8  31,7    27     7,0     1    30,5 108,4  43,4   2,1  13,3    13      SE

Max >=  27,0: 22
Max <=   0,0:  0
Min <=   0,0:  0
Min <= -18,0:  0
Max Rain: 18,8 on day 29
Days of Rain: 6 (>= 0,2 mm)  4 (>= 2,0 mm)  0 (>= 20,0 mm)
Heat Base: 18,3  Cool Base: 18,3  Method: Integration
:now::gauges::today::yesterday::this month::this year::noaa::records::monthly records::trends: