Midtre Skiakersgutua Weather Station

 Latitude N 60° 21' 23"    Longitude E 10° 28' 20"    Elevation 275 m

Records began on 20 desember 2012

NOAA Style Reports for Midtre Skiakersgutua

Select a Year or Month report

Report for 2018 Aug
                   Monthly Climatological Summary for aug 2018

Name: Skiakersgutua Weather Station   City: Gran   State: 
Elevation: 235 m  Lat: N 60° 21' 54"   Lon: E 010° 33' 13"

                  Temperature (°C), Rain (mm), Wind Speed (m/s)

                                      Heat  Cool        Avg
    Mean                              Deg   Deg         Wind                 Dom
Day Temp  High   Time   Low    Time   Days  Days  Rain  Speed High   Time    Dir
----------------------------------------------------------------------------------
 1  20,5  26,4   17:41  14,7   06:03   0,5   2,7   0,0   2,0   8,2   00:01   SSE
 2  18,7  24,0   18:43  13,1   05:23   1,2   1,6   0,0   1,3   4,6   17:25     S
 3  17,8  23,7   12:47  11,2   05:35   2,1   1,6   0,0   0,9   5,1   16:58     S
 4  18,0  23,8   14:15  12,2   04:48   1,8   1,5   0,3   1,0   7,1   13:17   WNW
 5  17,1  21,8   15:25  12,1   04:28   1,9   0,7   0,0   3,6  12,2   13:21    NW
 6  15,1  19,8   18:25   8,5   05:53   3,3   0,1   0,0   1,2   5,1   14:37    SW
 7  17,3  24,1   16:42  10,4   02:54   2,5   1,5   0,0   2,1   7,7   16:58    SE
 8  17,0  21,4   18:37  13,7   06:47   1,6   0,3   6,1   1,9   6,6   13:59   SSE
 9  19,2  23,6   15:46  15,3   06:01   0,7   1,6   0,0   1,4   7,1   00:01   SSW
10  14,6  20,1   13:26  12,2   23:59   3,7   0,0  20,8   3,3  16,8   17:03    SE
11  14,5  19,2   12:51   9,0   06:09   3,7   0,0   2,8   1,3   6,6   16:12   SSE
12  11,3  15,1   16:19   8,0   23:40   6,6   0,0  10,9   2,2   6,6   14:50    NW
13  12,7  21,1   17:25   4,6   05:45   5,9   0,3   0,0   0,7   4,1   17:36   ESE
14  13,2  20,0   13:17   6,6   04:33   5,2   0,1   0,0   1,4   7,1   15:34    SE
15  13,8  18,5   17:33   8,0   04:13   4,5   0,0   0,0   2,3   8,2   17:39    SE
16  16,9  18,4   15:06  15,6   05:58   1,4   0,0   2,8   4,7  13,3   11:31    SE
17  15,1  18,5   13:31  10,8   23:48   3,2   0,0   8,6   2,8   9,2   13:52   SSE
18  13,1  15,7   18:57   8,9   05:02   5,2   0,0   6,9   2,7  13,8   10:17    SE
19  15,6  20,9   17:19   9,0   23:59   3,1   0,4   0,0   1,8   6,6   04:18     S
20  11,2  16,9   16:22   5,3   04:06   7,1   0,0   0,0   1,5   9,7   17:43   NNW
21  11,5  19,0   17:34   3,3   06:34   6,8   0,0   0,0   0,8   5,1   13:15   SSE
22  14,9  19,0   19:58   9,0   01:53   3,4   0,0   0,0   3,7  10,2   15:07    SE
23  14,5  18,2   16:24   8,2   06:57   3,8   0,0   0,0   1,0   4,6   00:15   SSE
24  13,4  17,8   14:03   9,5   23:48   4,9   0,0   1,8   2,5  10,2   16:20   SSE
25  10,6  17,6   16:46   3,0   06:43   7,7   0,0   1,3   1,0   6,6   18:30   SSE
26  10,8  18,4   16:46   5,1   06:08   7,5   0,0   0,0   0,9   5,1   19:41     S
27  10,9  14,7   14:42   5,7   04:44   7,4   0,0   0,0   2,0   7,1   11:34    SE
28  13,7  17,6   13:44  10,7   06:35   4,6   0,0   0,0   1,1   4,6   17:01   SSW
29  13,6  15,7   14:06   9,5   00:44   4,7   0,0   0,0   2,5   8,2   13:41    SE
30  14,3  19,0   17:34  11,4   22:03   4,0   0,0   2,5   1,5   6,6   11:35    NW
31  12,1  18,1   16:03   5,4   06:38   6,2   0,0   0,0   2,0   8,2   13:15   NNW
----------------------------------------------------------------------------------
    14,6  26,4     1     3,0    25   126,2  12,4  64,8   1,9  16,8    10     SSE

Max >=  27,0:  0
Max <=   0,0:  0
Min <=   0,0:  0
Min <= -18,0:  0
Max Rain: 20,8 on day 10
Days of Rain: 11 (>= 0,2 mm)  8 (>= 2,0 mm)  1 (>= 20,0 mm)
Heat Base: 18,3  Cool Base: 18,3  Method: Integration
:now::gauges::today::yesterday::this month::this year::noaa::records::monthly records::trends: