Midtre Skiakersgutua Weather Station

 Latitude N 60° 21' 23"    Longitude E 10° 28' 20"    Elevation 275 m

Records began on 20 desember 2012

NOAA Style Reports for Midtre Skiakersgutua

Select a Year or Month report

Report for 2018 Sep
                   Monthly Climatological Summary for sep 2018

Name: Skiakersgutua Weather Station   City: Gran   State: 
Elevation: 235 m  Lat: N 60° 21' 54"   Lon: E 010° 33' 13"

                  Temperature (°C), Rain (mm), Wind Speed (m/s)

                                      Heat  Cool        Avg
    Mean                              Deg   Deg         Wind                 Dom
Day Temp  High   Time   Low    Time   Days  Days  Rain  Speed High   Time    Dir
----------------------------------------------------------------------------------
 1  11,7  19,6   16:54   3,2   06:18   6,6   0,0   0,0   0,9   4,1   17:21   SSE
 2  14,7  20,5   15:09   8,3   07:08   4,0   0,4   0,0   1,8   6,6   13:26    SE
 3  14,9  21,7   17:06   8,3   06:31   3,9   0,5   0,0   1,8   7,1   11:54   SSE
 4  13,6  21,6   17:00   6,2   06:51   5,2   0,5   0,0   0,8   4,1   16:01   NNE
 5  13,4  19,9   16:20   8,1   04:41   5,0   0,1   0,0   0,9   4,6   12:17     E
 6  13,5  15,2   18:48  10,6   03:39   4,8   0,0   0,0   1,4   6,1   10:09    SE
 7  14,8  16,6   12:24  13,3   07:41   3,5   0,0   0,0   1,3   7,1   23:40   ESE
 8  13,6  15,7   17:45  11,0   22:44   4,7   0,0  17,8   2,4   8,7   06:20   ESE
 9  12,8  15,0   17:57   8,7   09:03   5,5   0,0  14,7   2,9   7,7   06:59    SE
10  13,7  16,8   16:49  10,8   06:28   4,6   0,0  35,3   2,9  12,8   05:02   SSE
11  10,4  11,6   18:13   8,5   23:00   7,9   0,0  15,7   1,4   6,1   12:43   SSE
12  11,2  15,2   14:08   5,2   04:45   7,1   0,0   0,0   2,1   7,1   08:17   SSW
13  10,8  14,7   15:57   6,3   05:46   7,5   0,0   0,0   1,8   8,2   13:45   SSE
14  11,3  15,4   16:40   7,0   05:50   6,8   0,0   0,8   2,5   7,1   13:33    SE
15   9,7  13,9   17:29   3,7   07:34   8,6   0,0   0,0   1,1   5,1   13:22    SW
16   7,4  12,0   13:35   0,5   06:52  10,9   0,0   2,8   1,8   8,2   19:00   SSE
17  10,9  14,4   15:07   7,6   07:26   7,4   0,0   0,0   1,7   5,1   12:56   SSE
18  14,7  19,4   16:34  10,5   00:33   3,6   0,1   0,0   3,8   8,7   09:51    SE
19  16,5  20,0   14:46  13,8   05:58   1,9   0,2   0,0   4,6  15,3   23:05    SE
20  12,2  16,7   00:00   5,4   22:45   6,1   0,0   0,0   4,1  13,3   06:14   SSE
21   9,8  15,0   14:28   6,6   07:44   8,5   0,0  17,8   3,6  20,4   19:17    SE
22  10,3  14,1   16:18   6,8   23:40   8,0   0,0   0,0   1,8   8,7   12:23   SSW
23   7,3  12,7   16:19   1,1   23:00  11,0   0,0   0,0   1,7   8,2   14:45    NW
24   4,5  10,7   16:48  -1,6   06:53  13,8   0,0   0,0   1,9   8,7   12:30    NW
25   5,5  11,4   20:41  -2,8   03:13  12,8   0,0   0,0   1,8   8,2   23:18    SE
26  11,9  18,2   12:55   6,4   23:14   6,4   0,0   0,0   4,6  16,3   13:30    NW
27   6,5   9,2   10:50   3,3   23:54  11,8   0,0   8,9   1,0   3,6   06:42   SSW
28   3,4   9,1   13:50  -1,2   07:33  14,9   0,0   1,0   1,1  14,3   14:29    NW
29   6,2  11,1   16:15  -0,6   00:01  12,0   0,0   0,0   2,4   9,2   14:18    SE
30   8,6  13,8   16:32   2,7   23:24   9,7   0,0   0,0   1,8   6,6   01:40   SSE
----------------------------------------------------------------------------------
    10,9  21,7     3    -2,8    25   224,5   1,8 114,8   2,1  20,4    21     SSE

Max >=  27,0:  0
Max <=   0,0:  0
Min <=   0,0:  4
Min <= -18,0:  0
Max Rain: 35,3 on day 10
Days of Rain: 9 (>= 0,2 mm)  7 (>= 2,0 mm)  1 (>= 20,0 mm)
Heat Base: 18,3  Cool Base: 18,3  Method: Integration
:now::gauges::today::yesterday::this month::this year::noaa::records::monthly records::trends: